{"id":4348,"date":"2025-10-19T17:53:54","date_gmt":"2025-10-19T17:53:54","guid":{"rendered":"https:\/\/fips.unsa.edu.pe\/usefc\/?page_id=4348"},"modified":"2025-10-21T03:34:48","modified_gmt":"2025-10-21T03:34:48","slug":"segunda-especialidad-en-ingenieria-de-mantenimiento-fips-unsa","status":"publish","type":"page","link":"https:\/\/fips.unsa.edu.pe\/usefc\/segunda-especialidad-en-ingenieria-de-mantenimiento-fips-unsa\/","title":{"rendered":"Segunda Especialidad en Ingenier\u00eda de Mantenimiento &#8211; FIPS UNSA"},"content":{"rendered":"<div style=\"max-width: 1000px;margin: 0 auto;font-family: Arial, sans-serif\">\n<p><!-- ENCABEZADO --><\/p>\n<header style=\"background-color: #0f1d2e;color: #fff;padding: 18px 20px;border-radius: 8px 8px 0 0\">\n<p style=\"margin: 6px 0 0;font-size: 13px;color: #f2dede\">Facultad de Ingenier\u00eda de Producci\u00f3n y Servicios (FIPS) &#8211; UNSA<br \/>\nSegunda Especialidad en:<\/p>\n<h1 style=\"margin: 0;font-size: 22px;letter-spacing: 1px\">Ingenier\u00eda de Mantenimiento<\/h1>\n<\/header>\n<p><!-- DESCRIPCI\u00d3N --><\/p>\n<section style=\"background-color: #ffffff;border: 2px solid #bcb7b7;padding: 16px;border-top: none\">\n<h2 style=\"color: #610606;margin-top: 0;font-size: 18px\">Descripci\u00f3n<\/h2>\n<p style=\"font-size: 14px;line-height: 1.6;text-align: justify;color: #000000\">La especialidad de Ingenier\u00eda de Mantenimiento tiene como objetivo fundamental proyectar e implementar estrategias para la organizaci\u00f3n, planificaci\u00f3n y programaci\u00f3n de la gesti\u00f3n integral de los servicios de mantenimiento, adecu\u00e1ndolas a su entorno. Del mismo modo, busca asimilar creativamente las transferencias de tecnolog\u00edas en el \u00e1mbito de la ingenier\u00eda y la gerencia de mantenimiento, entre otros.<\/p>\n<p><a style=\"margin-top: 6px;padding: 6px 10px;background-color: #810808;color: #fff;border-radius: 5px;text-decoration: none;font-weight: bold;font-size: 12px\" href=\"https:\/\/fips.unsa.edu.pe\/usefc\/2025\/10\/09\/admision-2026-i\/\" target=\"_blank\" rel=\"noopener\"><br \/>\nSISTEMA DE ADMISI\u00d3N 2026 FASE I<br \/>\n<\/a><br \/>\n<a style=\"margin-top: 6px;padding: 6px 10px;background-color: #0f1d2e;color: #fff;border-radius: 5px;text-decoration: none;font-weight: bold;font-size: 12px\" href=\"https:\/\/docs.google.com\/forms\/d\/e\/1FAIpQLSfuGkusyh0UD-cuqqR9kx6Frklm8sKk_G9tfl952TkgjwtEFw\/viewform?usp=send_form\" target=\"_blank\" rel=\"noopener\"><br \/>\nREGISTRA TUS DATOS PARA MAYOR INFORMACI\u00d3N<br \/>\n<\/a><\/p>\n<\/section>\n<p><!-- MALLA CURRICULAR --><\/p>\n<section style=\"background-color: #f2f2f2;border: 2px solid #bcb7b7;padding: 14px;margin-top: 12px;border-radius: 6px\">\n<h2 style=\"color: #610606;margin: 0 0 10px 0;font-size: 17px\">Malla Curricular<\/h2>\n<div style=\"flex-wrap: wrap;gap: 12px\">\n<p><!-- PRIMER SEMESTRE --><\/p>\n<div style=\"flex: 1 1 320px;background: #fff;padding: 12px;border-left: 6px solid #810808;border-radius: 6px\">\n<h3 style=\"margin: 0 0 8px 0;color: #810808;font-size: 15px\">Primer Semestre<\/h3>\n<ol style=\"margin: 0;padding-left: 18px;font-size: 13px;color: #000\">\n<li>Ingenier\u00eda del mantenimiento<\/li>\n<li>Gesti\u00f3n y administraci\u00f3n del mantenimiento<\/li>\n<li>Mantenimiento de maquinaria pesada y minera<\/li>\n<li>Mantenimiento por recubrimientos<\/li>\n<li>Mantenimiento de l\u00edneas de vapor<\/li>\n<li>Mantenimiento de equipos el\u00e9ctricos<\/li>\n<\/ol>\n<\/div>\n<p><!-- SEGUNDO SEMESTRE --><\/p>\n<div style=\"flex: 1 1 320px;background: #fff;padding: 12px;border-left: 6px solid #810808;border-radius: 6px\">\n<h3 style=\"margin: 0 0 8px 0;color: #810808;font-size: 15px\">Segundo Semestre<\/h3>\n<ol style=\"margin: 0;padding-left: 18px;font-size: 13px;color: #000\">\n<li>Mantenimiento de equipos de refrigeraci\u00f3n<\/li>\n<li>Mantenimiento de equipos neum\u00e1ticos e hidr\u00e1ulicos<\/li>\n<li>Mantenimiento de equipos de compresi\u00f3n y bombeo<\/li>\n<li>Combustibles, lubricantes y grasas industriales<\/li>\n<li>Costos de mantenimiento<\/li>\n<li>Mantenimiento de ruedas y tren de rodamiento<\/li>\n<li>Taller de tesis<\/li>\n<\/ol>\n<\/div>\n<\/div>\n<\/section>\n<p><!-- REQUISITOS E INVERSI\u00d3N --><\/p>\n<section style=\"margin-top: 12px;background: #ffffff;border: 2px solid #bcb7b7;padding: 14px;border-radius: 6px\">\n<div style=\"flex-wrap: wrap;gap: 12px\">\n<p><!-- REQUISITOS --><\/p>\n<div style=\"flex: 1 1 320px;min-width: 240px\">\n<h3 style=\"color: #610606;margin-top: 0;font-size: 16px\">Requisitos<\/h3>\n<ul style=\"font-size: 13px;line-height: 1.6;margin: 0;padding-left: 18px;color: #000\">\n<li>Documento Nacional de Identidad (DNI)<\/li>\n<li>Solicitud de admisi\u00f3n (seg\u00fan formato)<\/li>\n<li>Copia de constancia de inscripci\u00f3n en SUNEDU del t\u00edtulo profesional o constancia de tr\u00e1mite<\/li>\n<li>T\u00edtulo Profesional<\/li>\n<li>Foto digital tama\u00f1o pasaporte<\/li>\n<\/ul>\n<\/div>\n<p><!-- INVERSI\u00d3N --><\/p>\n<div style=\"flex: 0 1 260px;min-width: 220px;background: #f7f7f7;padding: 10px;border-radius: 6px;border: 1px solid #e0e0e0\">\n<h3 style=\"color: #610606;margin-top: 0;font-size: 16px\">Inversi\u00f3n<\/h3>\n<table style=\"width: 100%;font-size: 13px;border-collapse: collapse\">\n<tbody>\n<tr>\n<td style=\"padding: 6px;border-bottom: 1px solid #e6e6e6\">Admisi\u00f3n<\/td>\n<td style=\"padding: 6px;text-align: right;border-bottom: 1px solid #e6e6e6\">S\/. 200<\/td>\n<\/tr>\n<tr>\n<td style=\"padding: 6px;border-bottom: 1px solid #e6e6e6\">Matr\u00edcula<\/td>\n<td style=\"padding: 6px;text-align: right;border-bottom: 1px solid #e6e6e6\">S\/. 250<\/td>\n<\/tr>\n<tr>\n<td style=\"padding: 6px\">Pensi\u00f3n (mensual)<\/td>\n<td style=\"padding: 6px;text-align: right\">S\/. 500<\/td>\n<\/tr>\n<\/tbody>\n<\/table>\n<\/div>\n<\/div>\n<\/section>\n<p><!-- PIE --><\/p>\n<section style=\"margin-top: 12px;background: #f2f2f2;padding: 12px;border: 2px solid #bcb7b7;border-radius: 6px\">\n<p style=\"margin: 0;font-size: 13px\">Unidad de Segunda Especialidad y Formaci\u00f3n Continua &#8211; FIPS &#8211; UNSA<\/p>\n<\/section>\n<footer style=\"margin-top: 14px;background: #fff;border: 1px solid #e6e6e6;padding: 12px;border-radius: 6px;font-size: 12px\">\n<p style=\"margin: 0 0 6px 0\">P\u00e1gina:<br \/>\n<a style=\"color: #810808;text-decoration: none\" href=\"https:\/\/fips.unsa.edu.pe\/usefc\/\" target=\"_blank\" rel=\"noopener\"><\/p>\n<blockquote class=\"wp-embedded-content\" data-secret=\"KfcUpmnt14\"><p><a href=\"https:\/\/fips.unsa.edu.pe\/usefc\/\">BIENVENIDO A NUESTRAS ESPECIALIDADES<\/a><\/p><\/blockquote>\n<p><iframe loading=\"lazy\" class=\"wp-embedded-content\" sandbox=\"allow-scripts\" security=\"restricted\" style=\"position: absolute; visibility: hidden;\" title=\"\u00abBIENVENIDO A NUESTRAS ESPECIALIDADES\u00bb \u2014 Segunda Especialidad - FIPS\" src=\"https:\/\/fips.unsa.edu.pe\/usefc\/embed\/#?secret=E6Btawx0w2#?secret=KfcUpmnt14\" data-secret=\"KfcUpmnt14\" width=\"500\" height=\"282\" frameborder=\"0\" marginwidth=\"0\" marginheight=\"0\" scrolling=\"no\"><\/iframe><br \/>\n<\/a><\/p>\n<p style=\"margin: 0;color: #666\">Informaci\u00f3n basada en el Brochure Oficial de Segundas Especialidades FIPS &#8211; UNSA (Admisi\u00f3n 2025).<\/p>\n<\/footer>\n<\/div>\n","protected":false},"excerpt":{"rendered":"<p>Facultad de Ingenier\u00eda de Producci\u00f3n y Servicios (FIPS) &#8211; UNSA Segunda Especialidad en: Ingenier\u00eda de Mantenimiento Descripci\u00f3n La especialidad de Ingenier\u00eda de Mantenimiento tiene como objetivo fundamental proyectar e implementar estrategias para la organizaci\u00f3n, planificaci\u00f3n y programaci\u00f3n de la gesti\u00f3n integral de los servicios de mantenimiento, adecu\u00e1ndolas a su entorno. Del mismo modo, busca asimilar [&hellip;]<\/p>\n","protected":false},"author":22,"featured_media":4531,"parent":0,"menu_order":0,"comment_status":"closed","ping_status":"closed","template":"","meta":{"_acf_changed":false,"footnotes":""},"class_list":["post-4348","page","type-page","status-publish","has-post-thumbnail","hentry"],"acf":[],"_links":{"self":[{"href":"https:\/\/fips.unsa.edu.pe\/usefc\/wp-json\/wp\/v2\/pages\/4348","targetHints":{"allow":["GET"]}}],"collection":[{"href":"https:\/\/fips.unsa.edu.pe\/usefc\/wp-json\/wp\/v2\/pages"}],"about":[{"href":"https:\/\/fips.unsa.edu.pe\/usefc\/wp-json\/wp\/v2\/types\/page"}],"author":[{"embeddable":true,"href":"https:\/\/fips.unsa.edu.pe\/usefc\/wp-json\/wp\/v2\/users\/22"}],"replies":[{"embeddable":true,"href":"https:\/\/fips.unsa.edu.pe\/usefc\/wp-json\/wp\/v2\/comments?post=4348"}],"version-history":[{"count":4,"href":"https:\/\/fips.unsa.edu.pe\/usefc\/wp-json\/wp\/v2\/pages\/4348\/revisions"}],"predecessor-version":[{"id":4351,"href":"https:\/\/fips.unsa.edu.pe\/usefc\/wp-json\/wp\/v2\/pages\/4348\/revisions\/4351"}],"wp:featuredmedia":[{"embeddable":true,"href":"https:\/\/fips.unsa.edu.pe\/usefc\/wp-json\/wp\/v2\/media\/4531"}],"wp:attachment":[{"href":"https:\/\/fips.unsa.edu.pe\/usefc\/wp-json\/wp\/v2\/media?parent=4348"}],"curies":[{"name":"wp","href":"https:\/\/api.w.org\/{rel}","templated":true}]}}