{"id":1853,"date":"2023-04-11T00:02:12","date_gmt":"2023-04-11T05:02:12","guid":{"rendered":"https:\/\/fips.unsa.edu.pe\/telecomunicaciones\/?page_id=1853"},"modified":"2026-03-31T12:57:29","modified_gmt":"2026-03-31T17:57:29","slug":"proyectos-de-fin-de-carrera","status":"publish","type":"page","link":"https:\/\/fips.unsa.edu.pe\/telecomunicaciones\/proyectos-de-fin-de-carrera\/","title":{"rendered":"Proyectos de fin de\u00a0carrera"},"content":{"rendered":"<p>Se cuenta con la Directiva aprobada sobre realizaci\u00f3n de Proyectos de Fin de Carrera.<\/p>\n<ul>\n<li><a class=\"btn btn-default\" style=\"align-items: center\" href=\"https:\/\/drive.google.com\/file\/d\/1NOmNraxoZKjDQtIuFLpfvaEHb-nEL8Lk\/view?usp=drive_link\" target=\"_blank\" rel=\"noopener\">DIrectiva Espec\u00edfica 005-2025-EPIT Proyecto Fin de Carrera<\/a><\/li>\n<\/ul>\n<p style=\"text-align: justify\"><strong>T\u00edtulo del Proyecto: <\/strong>Sistema de monitoreo y alarma utilizando tecnolog\u00eda LoRaWAN para detectar somnolencia en conductores de veh\u00edculos de transporte\u00a0 p\u00fablico urbano en la ciudad de Arequipa.<\/p>\n<p><iframe loading=\"lazy\" title=\"PROYECTO FINAL: SISTEMA DE MONITOREO Y ALARMA - ESCUELA DE INGENIERIA EN TELECOMUNICACIONES - UNSA\" width=\"500\" height=\"281\" src=\"https:\/\/www.youtube.com\/embed\/z_vnJ6vWzSc?feature=oembed\" frameborder=\"0\" allow=\"accelerometer; autoplay; clipboard-write; encrypted-media; gyroscope; picture-in-picture; web-share\" referrerpolicy=\"strict-origin-when-cross-origin\" allowfullscreen><\/iframe><\/p>\n<p style=\"text-align: justify\"><strong>T\u00edtulo del Proyecto: <\/strong>Bast\u00f3n Inteligente para personas con Discapacidad Visual, usando una red LoRaWAN, ubicaci\u00f3n GPS y Detecci\u00f3n de colores mediante un sensor alrededor de la UNSA.<\/p>\n<p><iframe loading=\"lazy\" title=\"Red Lorawan, ubicaci\u00f3n GPS y Detecci\u00f3n de colores mediante un sensor alrededor de la UNSA\" width=\"500\" height=\"281\" src=\"https:\/\/www.youtube.com\/embed\/y1PUbAVTs-E?feature=oembed\" frameborder=\"0\" allow=\"accelerometer; autoplay; clipboard-write; encrypted-media; gyroscope; picture-in-picture; web-share\" referrerpolicy=\"strict-origin-when-cross-origin\" allowfullscreen><\/iframe><\/p>\n<p style=\"text-align: justify\"><strong>T\u00edtulo del Proyecto: <\/strong>Sistema de gu\u00eda y posicionamiento para personas con discapacidad visual en una red LoRaWAN.<\/p>\n<p><iframe loading=\"lazy\" title=\"Sistema de gu\u00eda y posicionamiento para personas con discapacidad visual enuna red Lorawan\" width=\"500\" height=\"281\" src=\"https:\/\/www.youtube.com\/embed\/nZZxCZD1ZqI?feature=oembed\" frameborder=\"0\" allow=\"accelerometer; autoplay; clipboard-write; encrypted-media; gyroscope; picture-in-picture; web-share\" referrerpolicy=\"strict-origin-when-cross-origin\" allowfullscreen><\/iframe><\/p>\n<p style=\"text-align: justify\"><strong>T\u00edtulo del Proyecto: <\/strong>Desarrollo de un sistema inteligente utilizando sensores IoT, m\u00f3dulos ESP &#8211; GPS y m\u00f3dulos LoRaWAN para facilitar el desplazamiento de personas con discapacidad visual en la EPIT.<\/p>\n<p><iframe loading=\"lazy\" title=\"Desarrollo de un sistema inteligente utilizando sensores lo T, m\u00f3dulos ESP -GPS y m\u00f3dulos LARAWAN.\" width=\"500\" height=\"281\" src=\"https:\/\/www.youtube.com\/embed\/dRxs_5nqOHM?feature=oembed\" frameborder=\"0\" allow=\"accelerometer; autoplay; clipboard-write; encrypted-media; gyroscope; picture-in-picture; web-share\" referrerpolicy=\"strict-origin-when-cross-origin\" allowfullscreen><\/iframe><\/p>\n<p style=\"text-align: justify\"><strong>T\u00edtulo del Proyecto: <\/strong>Implementaci\u00f3n de un sistema de Informaci\u00f3n utilizando una red ZIGBEE para personas con discapacidad visual en la Escuela Profesional de Ing. en Telecomunicaciones y \u00e1reas aleda\u00f1as en la Universidad Nacional de San Agust\u00edn.<\/p>\n<p><iframe loading=\"lazy\" title=\"Implementaci\u00f3n de un sistema de Informaci\u00f3n utilizando una RED ZIGBEE para personas con discapacidad\" width=\"500\" height=\"281\" src=\"https:\/\/www.youtube.com\/embed\/YvwFpI1t0jU?feature=oembed\" frameborder=\"0\" allow=\"accelerometer; autoplay; clipboard-write; encrypted-media; gyroscope; picture-in-picture; web-share\" referrerpolicy=\"strict-origin-when-cross-origin\" allowfullscreen><\/iframe><\/p>\n<p style=\"text-align: justify\"><strong>T\u00edtulo del Proyecto: <\/strong>Dise\u00f1o de un Bast\u00f3n Inteligente usando una Red WIFI para personas con discapacidad visual en los ambientes de la Escuela Profesional de Ing. en Telecomunicaciones de la Universidad Nacional de San Agust\u00edn.<\/p>\n<p><iframe loading=\"lazy\" title=\"Dise\u00f1o de un Bast\u00f3n Inteligente usando una Red WIFI para personas con discapacidad\" width=\"500\" height=\"281\" src=\"https:\/\/www.youtube.com\/embed\/ytHWAxLT0K8?feature=oembed\" frameborder=\"0\" allow=\"accelerometer; autoplay; clipboard-write; encrypted-media; gyroscope; picture-in-picture; web-share\" referrerpolicy=\"strict-origin-when-cross-origin\" allowfullscreen><\/iframe><\/p>\n<p style=\"text-align: justify\"><strong>T\u00edtulo del Proyecto: <\/strong>Transmisi\u00f3n de datos a trav\u00e9s de tecnolog\u00eda LoRa en un BASTON INTELIGENTE con Seguimiento GPS en tiempo real y ruta de color para personas invidentes.<\/p>\n<p><iframe loading=\"lazy\" title=\"Transmisi\u00f3n de datos a trav\u00e9s de tecnolog\u00eda lora BASTON INTELIGENTES\" width=\"500\" height=\"281\" src=\"https:\/\/www.youtube.com\/embed\/5C4vdlwWbwc?feature=oembed\" frameborder=\"0\" allow=\"accelerometer; autoplay; clipboard-write; encrypted-media; gyroscope; picture-in-picture; web-share\" referrerpolicy=\"strict-origin-when-cross-origin\" allowfullscreen><\/iframe><\/p>\n<p style=\"text-align: justify\"><strong>T\u00edtulo del Proyecto: <\/strong>Sistema de Orientaci\u00f3n y Localizaci\u00f3n de interiores basado en balizas con tecnolog\u00eda RSSI para personas con discapacidad visual.<\/p>\n<p><iframe loading=\"lazy\" title=\"Sistema de Orientaci\u00f3n y Localizaci\u00f3n de interiores basado en salidas con tecnolog\u00eda RSSI.\" width=\"500\" height=\"281\" src=\"https:\/\/www.youtube.com\/embed\/huf9GpUktys?feature=oembed\" frameborder=\"0\" allow=\"accelerometer; autoplay; clipboard-write; encrypted-media; gyroscope; picture-in-picture; web-share\" referrerpolicy=\"strict-origin-when-cross-origin\" allowfullscreen><\/iframe><\/p>\n","protected":false},"excerpt":{"rendered":"<p>Se cuenta con la Directiva aprobada sobre realizaci\u00f3n de Proyectos de Fin de Carrera. DIrectiva Espec\u00edfica 005-2025-EPIT Proyecto Fin de Carrera T\u00edtulo del Proyecto: Sistema de monitoreo y alarma utilizando tecnolog\u00eda LoRaWAN para detectar somnolencia en conductores de veh\u00edculos de transporte\u00a0 p\u00fablico urbano en la ciudad de Arequipa. T\u00edtulo del Proyecto: Bast\u00f3n Inteligente para personas [&hellip;]<\/p>\n","protected":false},"author":1,"featured_media":1638,"parent":0,"menu_order":0,"comment_status":"closed","ping_status":"closed","template":"","meta":{"footnotes":""},"class_list":["post-1853","page","type-page","status-publish","has-post-thumbnail","hentry"],"_links":{"self":[{"href":"https:\/\/fips.unsa.edu.pe\/telecomunicaciones\/wp-json\/wp\/v2\/pages\/1853","targetHints":{"allow":["GET"]}}],"collection":[{"href":"https:\/\/fips.unsa.edu.pe\/telecomunicaciones\/wp-json\/wp\/v2\/pages"}],"about":[{"href":"https:\/\/fips.unsa.edu.pe\/telecomunicaciones\/wp-json\/wp\/v2\/types\/page"}],"author":[{"embeddable":true,"href":"https:\/\/fips.unsa.edu.pe\/telecomunicaciones\/wp-json\/wp\/v2\/users\/1"}],"replies":[{"embeddable":true,"href":"https:\/\/fips.unsa.edu.pe\/telecomunicaciones\/wp-json\/wp\/v2\/comments?post=1853"}],"version-history":[{"count":65,"href":"https:\/\/fips.unsa.edu.pe\/telecomunicaciones\/wp-json\/wp\/v2\/pages\/1853\/revisions"}],"predecessor-version":[{"id":2826,"href":"https:\/\/fips.unsa.edu.pe\/telecomunicaciones\/wp-json\/wp\/v2\/pages\/1853\/revisions\/2826"}],"wp:featuredmedia":[{"embeddable":true,"href":"https:\/\/fips.unsa.edu.pe\/telecomunicaciones\/wp-json\/wp\/v2\/media\/1638"}],"wp:attachment":[{"href":"https:\/\/fips.unsa.edu.pe\/telecomunicaciones\/wp-json\/wp\/v2\/media?parent=1853"}],"curies":[{"name":"wp","href":"https:\/\/api.w.org\/{rel}","templated":true}]}}