{"id":1215,"date":"2018-06-04T12:05:55","date_gmt":"2018-06-04T17:05:55","guid":{"rendered":"https:\/\/fips.unsa.edu.pe\/telecomunicaciones\/?page_id=1215"},"modified":"2025-11-12T10:26:05","modified_gmt":"2025-11-12T15:26:05","slug":"objetivos-educacionales","status":"publish","type":"page","link":"https:\/\/fips.unsa.edu.pe\/telecomunicaciones\/objetivos-educacionales\/","title":{"rendered":"Objetivos Educacionales"},"content":{"rendered":"<h4><strong>Los objetivos educacionales<\/strong><\/h4>\n<p>Del programa son declaraciones generales que describen lo que se espera que los graduados logren en los primeros a\u00f1os despu\u00e9s de la graduaci\u00f3n. Los objetivos educacionales del programa est\u00e1n basados en las necesidades de los constituyentes del programa.<\/p>\n<p>Los bachilleres de la Escuela Profesional de Ingenier\u00eda en Telecomunicaciones luego de tres a\u00f1os de su graduaci\u00f3n deben lograr los siguientes objetivos educacionales:<\/p>\n<ol>\n<li><strong>Planificar<\/strong>, dise\u00f1ar, implementar, gestionar, operar y mantener sistemas y servicios de telecomunicaciones.<\/li>\n<li><strong>Aplicar <\/strong>las tecnolog\u00edas de informaci\u00f3n y comunicaci\u00f3n para brindar soluciones efectivas en un mundo globalizado.<\/li>\n<li><strong>Ser l\u00edderes<\/strong> \u00e9ticos con capacidad para conducir equipos multidisciplinarios, apuntando al logro de metas y objetivos.<\/li>\n<li><strong>Estar actualizados <\/strong>permanentemente para mantenerse empleables y competitivos respondiendo a los desaf\u00edos del entorno cambiante, contribuyendo en el desarrollo de la regi\u00f3n y el pa\u00eds.<\/li>\n<\/ol>\n","protected":false},"excerpt":{"rendered":"<p>Los objetivos educacionales Del programa son declaraciones generales que describen lo que se espera que los graduados logren en los primeros a\u00f1os despu\u00e9s de la graduaci\u00f3n. Los objetivos educacionales del programa est\u00e1n basados en las necesidades de los constituyentes del programa. Los bachilleres de la Escuela Profesional de Ingenier\u00eda en Telecomunicaciones luego de tres a\u00f1os [&hellip;]<\/p>\n","protected":false},"author":1,"featured_media":1461,"parent":0,"menu_order":0,"comment_status":"closed","ping_status":"closed","template":"","meta":{"footnotes":""},"class_list":["post-1215","page","type-page","status-publish","has-post-thumbnail","hentry"],"_links":{"self":[{"href":"https:\/\/fips.unsa.edu.pe\/telecomunicaciones\/wp-json\/wp\/v2\/pages\/1215","targetHints":{"allow":["GET"]}}],"collection":[{"href":"https:\/\/fips.unsa.edu.pe\/telecomunicaciones\/wp-json\/wp\/v2\/pages"}],"about":[{"href":"https:\/\/fips.unsa.edu.pe\/telecomunicaciones\/wp-json\/wp\/v2\/types\/page"}],"author":[{"embeddable":true,"href":"https:\/\/fips.unsa.edu.pe\/telecomunicaciones\/wp-json\/wp\/v2\/users\/1"}],"replies":[{"embeddable":true,"href":"https:\/\/fips.unsa.edu.pe\/telecomunicaciones\/wp-json\/wp\/v2\/comments?post=1215"}],"version-history":[{"count":15,"href":"https:\/\/fips.unsa.edu.pe\/telecomunicaciones\/wp-json\/wp\/v2\/pages\/1215\/revisions"}],"predecessor-version":[{"id":2798,"href":"https:\/\/fips.unsa.edu.pe\/telecomunicaciones\/wp-json\/wp\/v2\/pages\/1215\/revisions\/2798"}],"wp:featuredmedia":[{"embeddable":true,"href":"https:\/\/fips.unsa.edu.pe\/telecomunicaciones\/wp-json\/wp\/v2\/media\/1461"}],"wp:attachment":[{"href":"https:\/\/fips.unsa.edu.pe\/telecomunicaciones\/wp-json\/wp\/v2\/media?parent=1215"}],"curies":[{"name":"wp","href":"https:\/\/api.w.org\/{rel}","templated":true}]}}