{"id":1246,"date":"2017-09-12T14:44:20","date_gmt":"2017-09-12T14:44:20","guid":{"rendered":"http:\/\/www2.unsa.edu.pe\/escuelas\/ingmecanica\/?page_id=1246"},"modified":"2017-10-20T19:03:29","modified_gmt":"2017-10-20T19:03:29","slug":"grado-academico-de-bachiller","status":"publish","type":"page","link":"https:\/\/fips.unsa.edu.pe\/ingenieriamecanica\/grado-academico-de-bachiller\/","title":{"rendered":"Grado Acad\u00e9mico de Bachiller"},"content":{"rendered":"<h5>MODALIDADES<\/h5>\n<p>Seg\u00fan la ley 30220 y estatuto UNSA, la obtenci\u00f3n del grados es, como sigue:<\/p>\n<h5>GRADO ACAD\u00c9MICO DE BACHILLER<\/h5>\n<h5>Requisitos:<\/h5>\n<ul>\n<li>Constancia de egresado<\/li>\n<li>Certificado de notas<\/li>\n<li>Certificado de idiomas<\/li>\n<li>Documentos de no adeudo en bibliotecas y en la FIPS<\/li>\n<li>Copia autenticada del DNI<\/li>\n<li>Certificado de antecedentes penales y judiciales<\/li>\n<li>Derechos de pagos correspondientes<\/li>\n<li>Presentaci\u00f3n de un tema de investigaci\u00f3n b\u00e1sica o tesis<\/li>\n<\/ul>\n","protected":false},"excerpt":{"rendered":"<p>MODALIDADES Seg\u00fan la ley 30220 y estatuto UNSA, la obtenci\u00f3n del grados es, como sigue: GRADO ACAD\u00c9MICO DE BACHILLER Requisitos: Constancia de egresado Certificado de notas Certificado de idiomas Documentos de no adeudo en bibliotecas y en la FIPS Copia autenticada del DNI Certificado de antecedentes penales y judiciales Derechos de pagos correspondientes Presentaci\u00f3n de [&hellip;]<\/p>\n","protected":false},"author":1,"featured_media":1295,"parent":0,"menu_order":0,"comment_status":"closed","ping_status":"closed","template":"","meta":{"footnotes":""},"class_list":["post-1246","page","type-page","status-publish","has-post-thumbnail","hentry"],"_links":{"self":[{"href":"https:\/\/fips.unsa.edu.pe\/ingenieriamecanica\/wp-json\/wp\/v2\/pages\/1246","targetHints":{"allow":["GET"]}}],"collection":[{"href":"https:\/\/fips.unsa.edu.pe\/ingenieriamecanica\/wp-json\/wp\/v2\/pages"}],"about":[{"href":"https:\/\/fips.unsa.edu.pe\/ingenieriamecanica\/wp-json\/wp\/v2\/types\/page"}],"author":[{"embeddable":true,"href":"https:\/\/fips.unsa.edu.pe\/ingenieriamecanica\/wp-json\/wp\/v2\/users\/1"}],"replies":[{"embeddable":true,"href":"https:\/\/fips.unsa.edu.pe\/ingenieriamecanica\/wp-json\/wp\/v2\/comments?post=1246"}],"version-history":[{"count":1,"href":"https:\/\/fips.unsa.edu.pe\/ingenieriamecanica\/wp-json\/wp\/v2\/pages\/1246\/revisions"}],"predecessor-version":[{"id":1301,"href":"https:\/\/fips.unsa.edu.pe\/ingenieriamecanica\/wp-json\/wp\/v2\/pages\/1246\/revisions\/1301"}],"wp:featuredmedia":[{"embeddable":true,"href":"https:\/\/fips.unsa.edu.pe\/ingenieriamecanica\/wp-json\/wp\/v2\/media\/1295"}],"wp:attachment":[{"href":"https:\/\/fips.unsa.edu.pe\/ingenieriamecanica\/wp-json\/wp\/v2\/media?parent=1246"}],"curies":[{"name":"wp","href":"https:\/\/api.w.org\/{rel}","templated":true}]}}