{"id":1221,"date":"2017-08-07T20:51:39","date_gmt":"2017-08-07T20:51:39","guid":{"rendered":"http:\/\/www2.unsa.edu.pe\/escuelas\/ingmecanica\/?page_id=1221"},"modified":"2020-09-15T10:18:27","modified_gmt":"2020-09-15T15:18:27","slug":"infraestructura","status":"publish","type":"page","link":"https:\/\/fips.unsa.edu.pe\/ingenieriamecanica\/infraestructura\/","title":{"rendered":"Infraestructura"},"content":{"rendered":"<table class=\"table table-striped\">\n<tbody>\n<tr>\n<th>NOMBRE DE LABORATORIO<\/th>\n<th>RESPONSABLE<\/th>\n<\/tr>\n<tr>\n<td width=\"401\">Laboratorio CNC<\/td>\n<td width=\"322\">Dr Luis Rodolfo Rodr\u00edguez Bejarano<\/td>\n<\/tr>\n<tr>\n<td width=\"401\">Laboratorio CNC 2<\/td>\n<td width=\"322\">Dr Luis Rodolfo Rodr\u00edguez Bejarano<\/td>\n<\/tr>\n<tr>\n<td width=\"401\">Laboratorio olehidra\u00falica y neum\u00e1tica<\/td>\n<td width=\"322\">Ing. Pedro Renato Manchego Llerena<\/td>\n<\/tr>\n<tr>\n<td width=\"401\">Laboratorio de turbom\u00e1quinas<\/td>\n<td width=\"322\">Dr. Yuri Lester Silva Vidal<\/td>\n<\/tr>\n<tr>\n<td width=\"401\">Laboratorio de electrotecnia y refrigeraci\u00f3n<\/td>\n<td width=\"322\">Mg. Luis Orlando Perez Perez<\/td>\n<\/tr>\n<tr>\n<td width=\"401\">Laboratorio de c\u00f3mputo<\/td>\n<td width=\"322\">Arq Velarde Herrera Carlos Alberto<\/td>\n<\/tr>\n<tr>\n<td width=\"401\">Laboratorio de motores de combusti\u00f3n interna<\/td>\n<td width=\"322\">Ph.D. Oleg Kamychnikov<\/td>\n<\/tr>\n<tr>\n<td width=\"401\">Laboratorio de m\u00e1quinas y herramientas<\/td>\n<td width=\"322\">Mg. Jose Luis Velasquez Salazar<\/td>\n<\/tr>\n<\/tbody>\n<\/table>\n","protected":false},"excerpt":{"rendered":"<p>NOMBRE DE LABORATORIO RESPONSABLE Laboratorio CNC Dr Luis Rodolfo Rodr\u00edguez Bejarano Laboratorio CNC 2 Dr Luis Rodolfo Rodr\u00edguez Bejarano Laboratorio olehidra\u00falica y neum\u00e1tica Ing. Pedro Renato Manchego Llerena Laboratorio de turbom\u00e1quinas Dr. Yuri Lester Silva Vidal Laboratorio de electrotecnia y refrigeraci\u00f3n Mg. Luis Orlando Perez Perez Laboratorio de c\u00f3mputo Arq Velarde Herrera Carlos Alberto Laboratorio [&hellip;]<\/p>\n","protected":false},"author":1,"featured_media":0,"parent":0,"menu_order":0,"comment_status":"closed","ping_status":"closed","template":"","meta":{"footnotes":""},"class_list":["post-1221","page","type-page","status-publish","hentry"],"_links":{"self":[{"href":"https:\/\/fips.unsa.edu.pe\/ingenieriamecanica\/wp-json\/wp\/v2\/pages\/1221","targetHints":{"allow":["GET"]}}],"collection":[{"href":"https:\/\/fips.unsa.edu.pe\/ingenieriamecanica\/wp-json\/wp\/v2\/pages"}],"about":[{"href":"https:\/\/fips.unsa.edu.pe\/ingenieriamecanica\/wp-json\/wp\/v2\/types\/page"}],"author":[{"embeddable":true,"href":"https:\/\/fips.unsa.edu.pe\/ingenieriamecanica\/wp-json\/wp\/v2\/users\/1"}],"replies":[{"embeddable":true,"href":"https:\/\/fips.unsa.edu.pe\/ingenieriamecanica\/wp-json\/wp\/v2\/comments?post=1221"}],"version-history":[{"count":5,"href":"https:\/\/fips.unsa.edu.pe\/ingenieriamecanica\/wp-json\/wp\/v2\/pages\/1221\/revisions"}],"predecessor-version":[{"id":1608,"href":"https:\/\/fips.unsa.edu.pe\/ingenieriamecanica\/wp-json\/wp\/v2\/pages\/1221\/revisions\/1608"}],"wp:attachment":[{"href":"https:\/\/fips.unsa.edu.pe\/ingenieriamecanica\/wp-json\/wp\/v2\/media?parent=1221"}],"curies":[{"name":"wp","href":"https:\/\/api.w.org\/{rel}","templated":true}]}}