{"id":1207,"date":"2017-08-07T20:41:26","date_gmt":"2017-08-07T20:41:26","guid":{"rendered":"http:\/\/www2.unsa.edu.pe\/escuelas\/ingmecanica\/?page_id=1199"},"modified":"2017-11-01T19:03:34","modified_gmt":"2017-11-01T19:03:34","slug":"competencias-generales","status":"publish","type":"page","link":"https:\/\/fips.unsa.edu.pe\/ingenieriamecanica\/competencias-generales\/","title":{"rendered":"Competencias Generales"},"content":{"rendered":"<ul>\n<li>Aplica ciencias b\u00e1sicas tales como Matem\u00e1tica, F\u00edsica y Qu\u00edmica en el quehacer del ingeniero.<\/li>\n<li>Dise\u00f1a y utiliza de la mec\u00e1nica de los fluidos e hidr\u00e1ulica en dispositivos de elevaci\u00f3n y transporte; as\u00ed como en proyectos relativos<\/li>\n<li>Utiliza la termodin\u00e1mica, las propiedades de los materiales, la resistencia de los materiales, los principios de lubricaci\u00f3n, los principios que rigen el funcionamiento de motores de combusti\u00f3n interna, aire acondicionado, refrigeraci\u00f3n, metalurgia, tratamientos t\u00e9rmicos, corrosi\u00f3n, soldadura en la implementaci\u00f3n de sistemas de fr\u00edo y acondicionamiento de aire en concordancia con el medio ambiente<\/li>\n<li>Usa principios de electricidad y neum\u00e1ticos en el dise\u00f1o, construcci\u00f3n y control de automatizaci\u00f3n b\u00e1sica de procesos industriales<\/li>\n<li>Dise\u00f1a y construye m\u00e1quinas t\u00e9rmicas, neum\u00e1ticas, mec\u00e1nicos, con normas nacionales e internacionales, de acuerdo al entorno de aplicaci\u00f3n.<\/li>\n<li>Elabora e implementa mantenimiento a equipos de hospitales.<\/li>\n<li>Dise\u00f1a elementos de m\u00e1quinas, mecanismos, instrumentaci\u00f3n de procesos diversos en forma eficiente y actualizada.<\/li>\n<li>Dibuja, lee e interpreta planos mec\u00e1nicos<\/li>\n<li>Programa y opera m\u00e1quinas CNC y procesos CAD CAM de la industria manufacturera metalmec\u00e1nica adecuada y eficazmente<\/li>\n<li>Utiliza e implementa las especificaciones t\u00e9cnicas, reglamentos y leyes en el desarrollo de sus actividades profesionales de manera correcta<\/li>\n<\/ul>\n","protected":false},"excerpt":{"rendered":"<p>Aplica ciencias b\u00e1sicas tales como Matem\u00e1tica, F\u00edsica y Qu\u00edmica en el quehacer del ingeniero. Dise\u00f1a y utiliza de la mec\u00e1nica de los fluidos e hidr\u00e1ulica en dispositivos de elevaci\u00f3n y transporte; as\u00ed como en proyectos relativos Utiliza la termodin\u00e1mica, las propiedades de los materiales, la resistencia de los materiales, los principios de lubricaci\u00f3n, los principios [&hellip;]<\/p>\n","protected":false},"author":1,"featured_media":0,"parent":0,"menu_order":0,"comment_status":"closed","ping_status":"closed","template":"","meta":{"footnotes":""},"class_list":["post-1207","page","type-page","status-publish","hentry"],"_links":{"self":[{"href":"https:\/\/fips.unsa.edu.pe\/ingenieriamecanica\/wp-json\/wp\/v2\/pages\/1207","targetHints":{"allow":["GET"]}}],"collection":[{"href":"https:\/\/fips.unsa.edu.pe\/ingenieriamecanica\/wp-json\/wp\/v2\/pages"}],"about":[{"href":"https:\/\/fips.unsa.edu.pe\/ingenieriamecanica\/wp-json\/wp\/v2\/types\/page"}],"author":[{"embeddable":true,"href":"https:\/\/fips.unsa.edu.pe\/ingenieriamecanica\/wp-json\/wp\/v2\/users\/1"}],"replies":[{"embeddable":true,"href":"https:\/\/fips.unsa.edu.pe\/ingenieriamecanica\/wp-json\/wp\/v2\/comments?post=1207"}],"version-history":[{"count":1,"href":"https:\/\/fips.unsa.edu.pe\/ingenieriamecanica\/wp-json\/wp\/v2\/pages\/1207\/revisions"}],"predecessor-version":[{"id":1312,"href":"https:\/\/fips.unsa.edu.pe\/ingenieriamecanica\/wp-json\/wp\/v2\/pages\/1207\/revisions\/1312"}],"wp:attachment":[{"href":"https:\/\/fips.unsa.edu.pe\/ingenieriamecanica\/wp-json\/wp\/v2\/media?parent=1207"}],"curies":[{"name":"wp","href":"https:\/\/api.w.org\/{rel}","templated":true}]}}