{"id":82,"date":"2017-07-04T19:30:16","date_gmt":"2017-07-04T19:30:16","guid":{"rendered":"http:\/\/www2.unsa.edu.pe\/escuelas\/ingindustrial\/?page_id=82"},"modified":"2025-01-05T23:39:18","modified_gmt":"2025-01-06T04:39:18","slug":"director-de-escuela","status":"publish","type":"page","link":"https:\/\/fips.unsa.edu.pe\/ingenieriaindustrial\/director-de-escuela\/","title":{"rendered":"Director de Escuela"},"content":{"rendered":"<h3>DR. JULIO ABRAHAM RAMOS QUISPE<\/h3>\n<hr \/>\n<p><span style=\"color: #000000\"><strong>DOCTOR EN INGENIER\u00cdA DE PRODUCCI\u00d3N<\/strong><\/span><\/p>\n<p><strong>Magister en Ingenier\u00eda Industrial con menci\u00f3n en Gesti\u00f3n de Producci\u00f3n<\/strong><\/p>\n<p>Ex-Director de la Unidad de Posgrado de la FIPS 2022 a febrero del 2024<\/p>\n<p><em>Universidad Nacional de San\u00a0<\/em><i>Agust\u00edn de Arequipa<\/i><\/p>\n<p><strong>Docente Principal de la UNSA<\/strong><\/p>\n<hr \/>\n<p>E-mail: jramosq@unsa.edu.pe<br \/>\nCelular: 950057999<\/p>\n<hr \/>\n<p>&nbsp;<\/p>\n","protected":false},"excerpt":{"rendered":"<p>DR. JULIO ABRAHAM RAMOS QUISPE DOCTOR EN INGENIER\u00cdA DE PRODUCCI\u00d3N Magister en Ingenier\u00eda Industrial con menci\u00f3n en Gesti\u00f3n de Producci\u00f3n Ex-Director de la Unidad de Posgrado de la FIPS 2022 a febrero del 2024 Universidad Nacional de San\u00a0Agust\u00edn de Arequipa Docente Principal de la UNSA E-mail: jramosq@unsa.edu.pe Celular: 950057999 &nbsp;<\/p>\n","protected":false},"author":1,"featured_media":1037,"parent":0,"menu_order":0,"comment_status":"closed","ping_status":"closed","template":"page-imagen.php","meta":{"_acf_changed":false,"footnotes":""},"class_list":["post-82","page","type-page","status-publish","has-post-thumbnail","hentry"],"acf":[],"_links":{"self":[{"href":"https:\/\/fips.unsa.edu.pe\/ingenieriaindustrial\/wp-json\/wp\/v2\/pages\/82","targetHints":{"allow":["GET"]}}],"collection":[{"href":"https:\/\/fips.unsa.edu.pe\/ingenieriaindustrial\/wp-json\/wp\/v2\/pages"}],"about":[{"href":"https:\/\/fips.unsa.edu.pe\/ingenieriaindustrial\/wp-json\/wp\/v2\/types\/page"}],"author":[{"embeddable":true,"href":"https:\/\/fips.unsa.edu.pe\/ingenieriaindustrial\/wp-json\/wp\/v2\/users\/1"}],"replies":[{"embeddable":true,"href":"https:\/\/fips.unsa.edu.pe\/ingenieriaindustrial\/wp-json\/wp\/v2\/comments?post=82"}],"version-history":[{"count":18,"href":"https:\/\/fips.unsa.edu.pe\/ingenieriaindustrial\/wp-json\/wp\/v2\/pages\/82\/revisions"}],"predecessor-version":[{"id":1042,"href":"https:\/\/fips.unsa.edu.pe\/ingenieriaindustrial\/wp-json\/wp\/v2\/pages\/82\/revisions\/1042"}],"wp:featuredmedia":[{"embeddable":true,"href":"https:\/\/fips.unsa.edu.pe\/ingenieriaindustrial\/wp-json\/wp\/v2\/media\/1037"}],"wp:attachment":[{"href":"https:\/\/fips.unsa.edu.pe\/ingenieriaindustrial\/wp-json\/wp\/v2\/media?parent=82"}],"curies":[{"name":"wp","href":"https:\/\/api.w.org\/{rel}","templated":true}]}}