{"id":1197,"date":"2017-09-11T21:17:22","date_gmt":"2017-09-11T21:17:22","guid":{"rendered":"http:\/\/www2.unsa.edu.pe\/escuelas\/ingelectronica\/?page_id=1197"},"modified":"2018-04-23T20:29:00","modified_gmt":"2018-04-23T20:29:00","slug":"certificacion-modular","status":"publish","type":"page","link":"https:\/\/fips.unsa.edu.pe\/ingenieriaelectronica\/certificacion-modular\/","title":{"rendered":"Certificaci\u00f3n Modular"},"content":{"rendered":"<h4>MENCIONES<\/h4>\n<ul>\n<li>Certificaci\u00f3n como T\u00e9cnico Universitario en Electr\u00f3nica<\/li>\n<li>Certificaci\u00f3n como T\u00e9cnico Universitario en Instrumentaci\u00f3n y Control<\/li>\n<li>Bachiller en Ingenier\u00eda Electr\u00f3nica<\/li>\n<li>Ingeniero Electr\u00f3nico<\/li>\n<\/ul>\n<h4>REQUISITOS<\/h4>\n<ul>\n<li>Certificaci\u00f3n como T\u00e9cnico Universitario en Electr\u00f3nica. Despu\u00e9s de haber aprobado todos los cursos hasta el 6to semestre (primer m\u00f3dulo).<\/li>\n<li>Certificaci\u00f3n como T\u00e9cnico Universitario en Instrumentaci\u00f3n y Control.Despu\u00e9s de haber aprobado todos los cursos hasta el 8vo semestre (segundo m\u00f3dulo).<\/li>\n<\/ul>\n","protected":false},"excerpt":{"rendered":"<p>MENCIONES Certificaci\u00f3n como T\u00e9cnico Universitario en Electr\u00f3nica Certificaci\u00f3n como T\u00e9cnico Universitario en Instrumentaci\u00f3n y Control Bachiller en Ingenier\u00eda Electr\u00f3nica Ingeniero Electr\u00f3nico REQUISITOS Certificaci\u00f3n como T\u00e9cnico Universitario en Electr\u00f3nica. Despu\u00e9s de haber aprobado todos los cursos hasta el 6to semestre (primer m\u00f3dulo). Certificaci\u00f3n como T\u00e9cnico Universitario en Instrumentaci\u00f3n y Control.Despu\u00e9s de haber aprobado todos los cursos [&hellip;]<\/p>\n","protected":false},"author":1,"featured_media":1298,"parent":0,"menu_order":0,"comment_status":"closed","ping_status":"closed","template":"","meta":{"footnotes":""},"class_list":["post-1197","page","type-page","status-publish","has-post-thumbnail","hentry"],"_links":{"self":[{"href":"https:\/\/fips.unsa.edu.pe\/ingenieriaelectronica\/wp-json\/wp\/v2\/pages\/1197","targetHints":{"allow":["GET"]}}],"collection":[{"href":"https:\/\/fips.unsa.edu.pe\/ingenieriaelectronica\/wp-json\/wp\/v2\/pages"}],"about":[{"href":"https:\/\/fips.unsa.edu.pe\/ingenieriaelectronica\/wp-json\/wp\/v2\/types\/page"}],"author":[{"embeddable":true,"href":"https:\/\/fips.unsa.edu.pe\/ingenieriaelectronica\/wp-json\/wp\/v2\/users\/1"}],"replies":[{"embeddable":true,"href":"https:\/\/fips.unsa.edu.pe\/ingenieriaelectronica\/wp-json\/wp\/v2\/comments?post=1197"}],"version-history":[{"count":1,"href":"https:\/\/fips.unsa.edu.pe\/ingenieriaelectronica\/wp-json\/wp\/v2\/pages\/1197\/revisions"}],"predecessor-version":[{"id":1299,"href":"https:\/\/fips.unsa.edu.pe\/ingenieriaelectronica\/wp-json\/wp\/v2\/pages\/1197\/revisions\/1299"}],"wp:featuredmedia":[{"embeddable":true,"href":"https:\/\/fips.unsa.edu.pe\/ingenieriaelectronica\/wp-json\/wp\/v2\/media\/1298"}],"wp:attachment":[{"href":"https:\/\/fips.unsa.edu.pe\/ingenieriaelectronica\/wp-json\/wp\/v2\/media?parent=1197"}],"curies":[{"name":"wp","href":"https:\/\/api.w.org\/{rel}","templated":true}]}}