{"id":1166,"date":"2017-08-07T17:44:37","date_gmt":"2017-08-07T17:44:37","guid":{"rendered":"http:\/\/www2.unsa.edu.pe\/escuelas\/ingelectronica\/?page_id=1161"},"modified":"2025-11-03T21:54:26","modified_gmt":"2025-11-04T02:54:26","slug":"aulas","status":"publish","type":"page","link":"https:\/\/fips.unsa.edu.pe\/ingenieriaelectronica\/aulas\/","title":{"rendered":"Aulas"},"content":{"rendered":"<div style=\"max-width: 1000px;margin: auto;font-family: 'Segoe UI',Arial,sans-serif;padding: 32px 0;background: linear-gradient(120deg,#e0e7ff 0%,#fbfce8 100%)\">\n<p><!-- CARD: Aulas --><\/p>\n<div style=\"border-radius: 24px;box-shadow: 0 8px 36px #67b3ff30;padding: 38px 32px 26px 32px;margin-bottom: 38px\">\n<h2 style=\"color: #1976d2;font-size: 2em;font-weight: 800;font-family: 'Montserrat',Arial,sans-serif;margin-bottom: 22px;letter-spacing: 1px\">Aulas<\/h2>\n<div style=\"font-size: 1.20em;color: #203359;line-height: 1.78;text-align: justify;margin-bottom: 24px\">Actualmente El Programa Profesional de Ingenier\u00eda Electr\u00f3nica cuenta con las siguientes aulas:<\/div>\n<div style=\"gap: 34px;flex-wrap: wrap\"><!-- Columna A --><\/p>\n<div style=\"flex: 1;min-width: 260px\">\n<h3 style=\"color: #3384c5;margin-bottom: 10px;font-size: 1.1em;font-weight: bold\">Pabell\u00f3n &#8220;A&#8221;<\/h3>\n<ul style=\"font-size: 1em;color: #182849;margin-bottom: 18px;line-height: 1.7\">\n<li>1 laboratorio de electrotecnia 3er piso<\/li>\n<li>1 laboratorio de control 3er piso<\/li>\n<li>1 laboratorio de telecomunicaciones 3er piso<\/li>\n<li>1 laboratorio de inform\u00e1tica 3er piso<\/li>\n<li>5 bater\u00edas de ba\u00f1os 1er y 2do piso<\/li>\n<li>1 sala de profesores 2do piso<\/li>\n<li>1 oficina de secretaria 2do piso<\/li>\n<li>1 oficina de direcci\u00f3n 2do piso<\/li>\n<li>1 oficina de departamento 2do piso<\/li>\n<li>1 Secretaria de escuela 2do piso<\/li>\n<li>1 oficina 2do piso<\/li>\n<li>4 aulas con sus respectivas carpetas o mesas de trabajo.<\/li>\n<\/ul>\n<\/div>\n<p><!-- Columna B --><\/p>\n<div style=\"flex: 1;min-width: 260px\">\n<h3 style=\"color: #e37c1c;margin-bottom: 10px;font-size: 1.1em;font-weight: bold\">Pabell\u00f3n &#8220;B&#8221;<\/h3>\n<ul style=\"font-size: 1em;color: #182849;margin-bottom: 18px;line-height: 1.7\">\n<li>1 sala de estudiantes<\/li>\n<li>1 laboratorio de inform\u00e1tica<\/li>\n<li>1 biblioteca<\/li>\n<li>1 oficina para el centro de estudiantes<\/li>\n<li>1 oficina para la rama estudiantil IEEE<\/li>\n<li>10 aulas con sus respectivas carpetas unipersonales o mesas de trabajo.<\/li>\n<\/ul>\n<\/div>\n<p><!-- Columna Investigaci\u00f3n --><\/p>\n<div style=\"flex: 1;min-width: 260px\">\n<h3 style=\"color: #32a98f;margin-bottom: 10px;font-size: 1.1em;font-weight: bold\">Edificio de investigaci\u00f3n<\/h3>\n<ul style=\"font-size: 1em;color: #182849;margin-bottom: 18px;line-height: 1.7\">\n<li>1 audit\u00f3rium para 140 personas<\/li>\n<li>2do piso de investigaci\u00f3n de instrumentaci\u00f3n, control y procesos<\/li>\n<li>3er piso de investigaci\u00f3n<\/li>\n<\/ul>\n<\/div>\n<\/div>\n<\/div>\n<p><!-- CARD: Talleres y laboratorios --><\/p>\n<div style=\"border-radius: 22px;box-shadow: 0 8px 36px #00b38f21;padding: 32px 28px 24px 28px;margin-bottom: 28px\">\n<h3 style=\"color: #1976d2;font-weight: bold;margin-bottom: 20px;font-size: 1.25em\">Talleres y laboratorios<\/h3>\n<div style=\"gap: 34px;flex-wrap: wrap\">\n<div style=\"flex: 1;min-width: 220px\">\n<h4 style=\"color: #3384c5;font-size: 1em;margin-bottom: 6px\">Pabell\u00f3n A<\/h4>\n<ul style=\"color: #182849;font-size: .98em;line-height: 1.7\">\n<li>1 laboratorio de electrotecnia 3er piso<\/li>\n<li>1 laboratorio de control 3er piso<\/li>\n<li>1 laboratorio de telecomunicaciones 3er piso<\/li>\n<li>1 laboratorio de inform\u00e1tica 3er piso<\/li>\n<\/ul>\n<\/div>\n<div style=\"flex: 1;min-width: 220px\">\n<h4 style=\"color: #e37c1c;font-size: 1em;margin-bottom: 6px\">Pabell\u00f3n B<\/h4>\n<ul style=\"color: #182849;font-size: .98em;line-height: 1.7\">\n<li>1 laboratorio de inform\u00e1tica<\/li>\n<\/ul>\n<\/div>\n<\/div>\n<\/div>\n<p><!-- CARD: Biblioteca --><\/p>\n<div style=\"border-radius: 22px;box-shadow: 0 8px 36px #3384c522;padding: 28px\">\n<h3 style=\"color: #1976d2;font-weight: bold;margin-bottom: 18px;font-size: 1.25em\">Biblioteca<\/h3>\n<ul style=\"color: #182849;font-size: 1em;line-height: 1.7\">\n<li>Pabell\u00f3n B: 1 biblioteca<\/li>\n<\/ul>\n<\/div>\n<p><!-- CARD: \u00c1reas comunes --><\/p>\n<div style=\"border-radius: 22px;box-shadow: 0 8px 36px #ffa50022;padding: 28px;margin-top: 24px\">\n<h3 style=\"color: #1976d2;font-weight: bold;margin-bottom: 18px;font-size: 1.25em\">\u00c1reas comunes<\/h3>\n<ul style=\"color: #182849;font-size: 1em;line-height: 1.7\">\n<li>Edificio de investigaci\u00f3n: 1 audit\u00f3rium para 140 personas<\/li>\n<li>2do piso de investigaci\u00f3n de instrumentaci\u00f3n, control y procesos<\/li>\n<li>3er piso de investigaci\u00f3n<\/li>\n<\/ul>\n<\/div>\n<\/div>\n","protected":false},"excerpt":{"rendered":"<p>Aulas Actualmente El Programa Profesional de Ingenier\u00eda Electr\u00f3nica cuenta con las siguientes aulas: Pabell\u00f3n &#8220;A&#8221; 1 laboratorio de electrotecnia 3er piso 1 laboratorio de control 3er piso 1 laboratorio de telecomunicaciones 3er piso 1 laboratorio de inform\u00e1tica 3er piso 5 bater\u00edas de ba\u00f1os 1er y 2do piso 1 sala de profesores 2do piso 1 oficina [&hellip;]<\/p>\n","protected":false},"author":1,"featured_media":1309,"parent":0,"menu_order":0,"comment_status":"closed","ping_status":"closed","template":"page-galeria.php","meta":{"footnotes":""},"class_list":["post-1166","page","type-page","status-publish","has-post-thumbnail","hentry"],"_links":{"self":[{"href":"https:\/\/fips.unsa.edu.pe\/ingenieriaelectronica\/wp-json\/wp\/v2\/pages\/1166","targetHints":{"allow":["GET"]}}],"collection":[{"href":"https:\/\/fips.unsa.edu.pe\/ingenieriaelectronica\/wp-json\/wp\/v2\/pages"}],"about":[{"href":"https:\/\/fips.unsa.edu.pe\/ingenieriaelectronica\/wp-json\/wp\/v2\/types\/page"}],"author":[{"embeddable":true,"href":"https:\/\/fips.unsa.edu.pe\/ingenieriaelectronica\/wp-json\/wp\/v2\/users\/1"}],"replies":[{"embeddable":true,"href":"https:\/\/fips.unsa.edu.pe\/ingenieriaelectronica\/wp-json\/wp\/v2\/comments?post=1166"}],"version-history":[{"count":6,"href":"https:\/\/fips.unsa.edu.pe\/ingenieriaelectronica\/wp-json\/wp\/v2\/pages\/1166\/revisions"}],"predecessor-version":[{"id":1816,"href":"https:\/\/fips.unsa.edu.pe\/ingenieriaelectronica\/wp-json\/wp\/v2\/pages\/1166\/revisions\/1816"}],"wp:featuredmedia":[{"embeddable":true,"href":"https:\/\/fips.unsa.edu.pe\/ingenieriaelectronica\/wp-json\/wp\/v2\/media\/1309"}],"wp:attachment":[{"href":"https:\/\/fips.unsa.edu.pe\/ingenieriaelectronica\/wp-json\/wp\/v2\/media?parent=1166"}],"curies":[{"name":"wp","href":"https:\/\/api.w.org\/{rel}","templated":true}]}}