{"id":1156,"date":"2017-08-07T17:40:52","date_gmt":"2017-08-07T17:40:52","guid":{"rendered":"http:\/\/www2.unsa.edu.pe\/escuelas\/ingelectronica\/?page_id=1156"},"modified":"2025-10-19T00:01:48","modified_gmt":"2025-10-19T05:01:48","slug":"competencias-especificas-y-de-especialidad","status":"publish","type":"page","link":"https:\/\/fips.unsa.edu.pe\/ingenieriaelectronica\/competencias-especificas-y-de-especialidad\/","title":{"rendered":"Competencias Espec\u00edficas y de Especialidad"},"content":{"rendered":"<p><!-- CONTENEDOR PRINCIPAL --><\/p>\n<div style=\"background: linear-gradient(120deg,#e6e6fa 0%, #fafdff 95%);border-radius: 24px;padding: 34px 28px;max-width: 980px;margin: auto\">\n<p><!-- BLOQUE 1 - COMPETENCIAS ESPEC\u00cdFICAS --><\/p>\n<h2 style=\"text-align: center;color: #163b6c;font-size: 2em;margin-bottom: 10px\">Competencias Espec\u00edficas<\/h2>\n<p style=\"text-align: center;color: #37474f;font-size: 1.1em;margin-bottom: 22px\">Las competencias espec\u00edficas fortalecen las bases cient\u00edficas y tecnol\u00f3gicas del ingeniero electr\u00f3nico en su formaci\u00f3n profesional.<\/p>\n<table style=\"width: 100%;border-spacing: 18px;border-collapse: separate\">\n<tbody>\n<tr>\n<td style=\"background: #ffffff;border-left: 6px solid #1976d2;border-radius: 16px;padding: 18px;vertical-align: top\">\n<div style=\"color: #163b6c;font-weight: 600;margin-bottom: 6px\">Aplicaci\u00f3n cient\u00edfica<\/div>\n<div style=\"font-size: 0.98em;color: #37474f\">Aplica los conocimientos de matem\u00e1ticas, f\u00edsica, ciencias e ingenier\u00eda, como herramienta para la soluci\u00f3n de problemas de ingenier\u00eda electr\u00f3nica usando diversos algoritmos.<\/div>\n<\/td>\n<\/tr>\n<tr>\n<td style=\"background: #ffffff;border-left: 6px solid #26ae60;border-radius: 16px;padding: 18px;vertical-align: top\">\n<div style=\"color: #163b6c;font-weight: 600;margin-bottom: 6px\">Resoluci\u00f3n estrat\u00e9gica<\/div>\n<div style=\"font-size: 0.98em;color: #37474f\">Resuelve problemas de ingenier\u00eda usando diversas estrategias y protocolos de soluci\u00f3n para dar respuesta cient\u00edfica y de ingenier\u00eda deseada.<\/div>\n<\/td>\n<\/tr>\n<tr>\n<td style=\"background: #ffffff;border-left: 6px solid #ffb400;border-radius: 16px;padding: 18px;vertical-align: top\">\n<div style=\"color: #163b6c;font-weight: 600;margin-bottom: 6px\">Comunicaci\u00f3n profesional<\/div>\n<div style=\"font-size: 0.98em;color: #37474f\">Comunica resultados y productos relacionados al desarrollo de su ejercicio profesional, en forma clara y adecuada, interactuando con otras personas y en diferentes contextos.<\/div>\n<\/td>\n<\/tr>\n<\/tbody>\n<\/table>\n<p><!-- SEPARADOR --><\/p>\n<hr style=\"border: 0;height: 2px;background: linear-gradient(to right, #1976d2, #00b38f, #163b6c);margin: 40px 0\" \/>\n<p><!-- BLOQUE 2 - COMPETENCIAS DE ESPECIALIDAD --><\/p>\n<h2 style=\"text-align: center;color: #163b6c;font-size: 2em;margin-bottom: 10px\">Competencias de Especialidad<\/h2>\n<p style=\"text-align: center;color: #37474f;font-size: 1.1em;margin-bottom: 22px\">Las competencias de especialidad reflejan las destrezas aplicadas en electr\u00f3nica, automatizaci\u00f3n, control, instrumentaci\u00f3n, energ\u00eda y nuevas tecnolog\u00edas.<\/p>\n<table style=\"width: 100%;border-spacing: 18px;border-collapse: separate\">\n<tbody>\n<tr>\n<td style=\"background: #ffffff;border-left: 6px solid #1976d2;border-radius: 16px;padding: 18px\">Desarrolla prototipos, modelos, experimentos, pr\u00e1cticas y montaje de circuitos electr\u00f3nicos, sensores y control de procesos, analizando los datos para decisiones objetivas.<\/td>\n<\/tr>\n<tr>\n<td style=\"background: #ffffff;border-left: 6px solid #115ba2;border-radius: 16px;padding: 18px\">Dise\u00f1a circuitos electr\u00f3nicos, sensores y control de procesos aplicando instrumentos y software para obtener los resultados esperados.<\/td>\n<\/tr>\n<tr>\n<td style=\"background: #ffffff;border-left: 6px solid #00b38f;border-radius: 16px;padding: 18px\">Dise\u00f1a sistemas de control de procesos mediante prototipos y software especializado, aplicando control anal\u00f3gico, digital y procesamiento de se\u00f1ales.<\/td>\n<\/tr>\n<tr>\n<td style=\"background: #ffffff;border-left: 6px solid #ffb400;border-radius: 16px;padding: 18px\">Aplica t\u00e9cnicas avanzadas de instrumentaci\u00f3n, adquisici\u00f3n de datos, mantenimiento y control electr\u00f3nico cumpliendo normas de seguridad y calidad.<\/td>\n<\/tr>\n<tr>\n<td style=\"background: #ffffff;border-left: 6px solid #e17715;border-radius: 16px;padding: 18px\">Planea, dise\u00f1a y gestiona programas de modernizaci\u00f3n tecnol\u00f3gica, automatizaci\u00f3n, rob\u00f3tica y ahorro energ\u00e9tico bajo est\u00e1ndares internacionales.<\/td>\n<\/tr>\n<tr>\n<td style=\"background: #ffffff;border-left: 6px solid #d94565;border-radius: 16px;padding: 18px\">Dise\u00f1a y programa sistemas electr\u00f3nicos basados en microcontroladores, procesamiento de se\u00f1ales, energ\u00eda o multimedia, aplicando software de ingenier\u00eda y simulaci\u00f3n avanzada.<\/td>\n<\/tr>\n<tr>\n<td style=\"background: #ffffff;border-left: 6px solid #26ae60;border-radius: 16px;padding: 18px\">Implementa equipamiento multimedia, ac\u00fastico y visual, aplicando normas internacionales y herramientas tecnol\u00f3gicas de \u00faltima generaci\u00f3n.<\/td>\n<\/tr>\n<\/tbody>\n<\/table>\n<\/div>\n","protected":false},"excerpt":{"rendered":"<p>Competencias Espec\u00edficas Las competencias espec\u00edficas fortalecen las bases cient\u00edficas y tecnol\u00f3gicas del ingeniero electr\u00f3nico en su formaci\u00f3n profesional. Aplicaci\u00f3n cient\u00edfica Aplica los conocimientos de matem\u00e1ticas, f\u00edsica, ciencias e ingenier\u00eda, como herramienta para la soluci\u00f3n de problemas de ingenier\u00eda electr\u00f3nica usando diversos algoritmos. Resoluci\u00f3n estrat\u00e9gica Resuelve problemas de ingenier\u00eda usando diversas estrategias y protocolos de soluci\u00f3n [&hellip;]<\/p>\n","protected":false},"author":1,"featured_media":0,"parent":0,"menu_order":0,"comment_status":"closed","ping_status":"closed","template":"page-imagen.php","meta":{"footnotes":""},"class_list":["post-1156","page","type-page","status-publish","hentry"],"_links":{"self":[{"href":"https:\/\/fips.unsa.edu.pe\/ingenieriaelectronica\/wp-json\/wp\/v2\/pages\/1156","targetHints":{"allow":["GET"]}}],"collection":[{"href":"https:\/\/fips.unsa.edu.pe\/ingenieriaelectronica\/wp-json\/wp\/v2\/pages"}],"about":[{"href":"https:\/\/fips.unsa.edu.pe\/ingenieriaelectronica\/wp-json\/wp\/v2\/types\/page"}],"author":[{"embeddable":true,"href":"https:\/\/fips.unsa.edu.pe\/ingenieriaelectronica\/wp-json\/wp\/v2\/users\/1"}],"replies":[{"embeddable":true,"href":"https:\/\/fips.unsa.edu.pe\/ingenieriaelectronica\/wp-json\/wp\/v2\/comments?post=1156"}],"version-history":[{"count":5,"href":"https:\/\/fips.unsa.edu.pe\/ingenieriaelectronica\/wp-json\/wp\/v2\/pages\/1156\/revisions"}],"predecessor-version":[{"id":1765,"href":"https:\/\/fips.unsa.edu.pe\/ingenieriaelectronica\/wp-json\/wp\/v2\/pages\/1156\/revisions\/1765"}],"wp:attachment":[{"href":"https:\/\/fips.unsa.edu.pe\/ingenieriaelectronica\/wp-json\/wp\/v2\/media?parent=1156"}],"curies":[{"name":"wp","href":"https:\/\/api.w.org\/{rel}","templated":true}]}}