{"id":1154,"date":"2017-08-07T17:38:35","date_gmt":"2017-08-07T17:38:35","guid":{"rendered":"http:\/\/www2.unsa.edu.pe\/escuelas\/ingelectronica\/?page_id=1150"},"modified":"2025-11-03T10:51:56","modified_gmt":"2025-11-03T15:51:56","slug":"perfil-del-egresado","status":"publish","type":"page","link":"https:\/\/fips.unsa.edu.pe\/ingenieriaelectronica\/perfil-del-egresado\/","title":{"rendered":"Perfil del Egresado"},"content":{"rendered":"<p><!-- Contenedor principal con fondo y borde redondeado --><\/p>\n<div style=\"background: linear-gradient(120deg, #e6e6fa 0%, #fafdff 90%);border-radius: 25px;padding: 32px 24px;max-width: 950px;margin: auto\">\n<h2 style=\"text-align: center;color: #163b6c;font-size: 2em;margin-bottom: 18px\">Perfil del Egresado<\/h2>\n<p style=\"text-align: center;font-size: 1.13em;color: #37474f;margin-bottom: 34px\">\n    El egresado de Ingenier\u00eda Electr\u00f3nica UNSA es un profesional \u00edntegro, innovador, y socialmente responsable, capaz de liderar y adaptarse comprometido con el avance cient\u00edfico y tecnol\u00f3gico de la regi\u00f3n y el pa\u00eds.\n  <\/p>\n<p>  <!-- Tarjetas del perfil en formato tabla --><\/p>\n<table style=\"width: 100%;border-spacing: 18px;border-collapse: separate;margin: auto\">\n<tbody>\n<tr>\n<td style=\"background: #fff;border-radius: 17px;padding: 22px;vertical-align: top\">\n<div style=\"text-align: center\">\n            <span style=\"font-size: 2.7em;color: #1976d2;margin-bottom: 6px\">?<\/span><br \/>\n            <strong style=\"color: #163b6c\">Compromiso profesional<\/strong><\/p>\n<div style=\"color: #37474f;font-size: 1em;margin-top: 7px\">\n              Asume la pr\u00e1ctica profesional con responsabilidad \u00e9tica, aportando soluciones relevantes a problem\u00e1ticas regionales y globales.\n            <\/div>\n<\/p><\/div>\n<\/td>\n<td style=\"background: #fff;border-radius: 17px;padding: 22px;vertical-align: top\">\n<div style=\"text-align: center\">\n            <span style=\"font-size: 2.7em;color: #26ae60;margin-bottom: 6px\">?<\/span><br \/>\n            <strong style=\"color: #163b6c\">Trabajo interdisciplinario<\/strong><\/p>\n<div style=\"color: #37474f;font-size: 1em;margin-top: 7px\">\n              Colabora eficazmente en equipos multidisciplinarios, aportando y enriqueciendo el desarrollo de proyectos t\u00e9cnicos.\n            <\/div>\n<\/p><\/div>\n<\/td>\n<td style=\"background: #fff;border-radius: 17px;padding: 22px;vertical-align: top\">\n<div style=\"text-align: center\">\n            <span style=\"font-size: 2.7em;color: #00b38f;margin-bottom: 6px\">?<\/span><br \/>\n            <strong style=\"color: #163b6c\">Adaptabilidad tecnol\u00f3gica<\/strong><\/p>\n<div style=\"color: #37474f;font-size: 1em;margin-top: 7px\">\n              Se adapta con liderazgo a ambientes laborales cambiantes, comunicando ideas claras y demostrando idoneidad cient\u00edfica y administrativa.\n            <\/div>\n<\/p><\/div>\n<\/td>\n<td style=\"background: #fff;border-radius: 17px;padding: 22px;vertical-align: top\">\n<div style=\"text-align: center\">\n            <span style=\"font-size: 2.7em;color: #ffb400;margin-bottom: 6px\">?<\/span><br \/>\n            <strong style=\"color: #163b6c\">Innovaci\u00f3n y liderazgo<\/strong><\/p>\n<div style=\"color: #37474f;font-size: 1em;margin-top: 7px\">\n              Busca el aprendizaje continuo, lidera procesos y promueve propuestas tecnol\u00f3gicas innovadoras en beneficio de la sociedad.\n            <\/div>\n<\/p><\/div>\n<\/td>\n<\/tr>\n<tr>\n<td style=\"background: #fff;border-radius: 17px;padding: 22px;vertical-align: top\" colspan=\"4\">\n<div style=\"text-align: center\">\n            <span style=\"font-size: 2.7em;color: #d94565;margin-bottom: 6px\">?<\/span><br \/>\n            <strong style=\"color: #163b6c\">\u00c9tica y creatividad<\/strong><\/p>\n<div style=\"color: #37474f;font-size: 1em;margin-top: 7px\">\n              Act\u00faa con sensibilidad social, integridad \u00e9tica y pensamiento cr\u00edtico, potenciando ideas creativas para transformar su entorno.\n            <\/div>\n<\/p><\/div>\n<\/td>\n<\/tr>\n<\/tbody>\n<\/table>\n<\/div>\n","protected":false},"excerpt":{"rendered":"<p>Perfil del Egresado El egresado de Ingenier\u00eda Electr\u00f3nica UNSA es un profesional \u00edntegro, innovador, y socialmente responsable, capaz de liderar y adaptarse comprometido con el avance cient\u00edfico y tecnol\u00f3gico de la regi\u00f3n y el pa\u00eds. ? Compromiso profesional Asume la pr\u00e1ctica profesional con responsabilidad \u00e9tica, aportando soluciones relevantes a problem\u00e1ticas regionales y globales. ? Trabajo [&hellip;]<\/p>\n","protected":false},"author":1,"featured_media":1291,"parent":0,"menu_order":0,"comment_status":"closed","ping_status":"closed","template":"page-imagen.php","meta":{"footnotes":""},"class_list":["post-1154","page","type-page","status-publish","has-post-thumbnail","hentry"],"_links":{"self":[{"href":"https:\/\/fips.unsa.edu.pe\/ingenieriaelectronica\/wp-json\/wp\/v2\/pages\/1154","targetHints":{"allow":["GET"]}}],"collection":[{"href":"https:\/\/fips.unsa.edu.pe\/ingenieriaelectronica\/wp-json\/wp\/v2\/pages"}],"about":[{"href":"https:\/\/fips.unsa.edu.pe\/ingenieriaelectronica\/wp-json\/wp\/v2\/types\/page"}],"author":[{"embeddable":true,"href":"https:\/\/fips.unsa.edu.pe\/ingenieriaelectronica\/wp-json\/wp\/v2\/users\/1"}],"replies":[{"embeddable":true,"href":"https:\/\/fips.unsa.edu.pe\/ingenieriaelectronica\/wp-json\/wp\/v2\/comments?post=1154"}],"version-history":[{"count":10,"href":"https:\/\/fips.unsa.edu.pe\/ingenieriaelectronica\/wp-json\/wp\/v2\/pages\/1154\/revisions"}],"predecessor-version":[{"id":1774,"href":"https:\/\/fips.unsa.edu.pe\/ingenieriaelectronica\/wp-json\/wp\/v2\/pages\/1154\/revisions\/1774"}],"wp:featuredmedia":[{"embeddable":true,"href":"https:\/\/fips.unsa.edu.pe\/ingenieriaelectronica\/wp-json\/wp\/v2\/media\/1291"}],"wp:attachment":[{"href":"https:\/\/fips.unsa.edu.pe\/ingenieriaelectronica\/wp-json\/wp\/v2\/media?parent=1154"}],"curies":[{"name":"wp","href":"https:\/\/api.w.org\/{rel}","templated":true}]}}