{"id":1152,"date":"2017-08-07T17:24:45","date_gmt":"2017-08-07T17:24:45","guid":{"rendered":"http:\/\/www2.unsa.edu.pe\/escuelas\/ingelectronica\/?page_id=1142"},"modified":"2022-03-30T23:30:42","modified_gmt":"2022-03-30T23:30:42","slug":"personal-docente","status":"publish","type":"page","link":"https:\/\/fips.unsa.edu.pe\/ingenieriaelectronica\/personal-docente\/","title":{"rendered":"Personal Docente"},"content":{"rendered":"<p><strong>Docentes DAIE<\/strong><\/p>\n<p>1. Dr. ARCE MEDINA, Augusto Hesiquio<br \/>\n2. Mg. BANDA VALDIVIA, Ramiro<br \/>\n3. Mg. BORJA MURILLO, Juan Guillermo<br \/>\n4. Ing. CAYANI BERMEJO, Jos\u00e9 Arturo<br \/>\n5. Ing. CEBALLOS BEJARANO, Edison Wernher<br \/>\n6. Mg. COAGUILA GOMEZ, Ronald Percing<br \/>\n7. Ing. CUADROS MACHUCA, Juan Carlos<br \/>\n8. Dr. CUTIPA LUQUE, Juan Carlos<br \/>\n9. Dr. ECHAIZ ESPINOZA, German Alberto<br \/>\n10. Mg. FERREL SERRUTO, Wildor<br \/>\n11. Dr. GOMEZ CORNEJO GONZALES, Harold Peter<br \/>\n12. Ing. GONZALES Z\u00da\u00d1IGA SUAREZ, Jos\u00e9 M.<br \/>\n13. Mg. GUZMAN NEYRA, Cesar Augusto<br \/>\n14. Mg. HUAITA BEDREGAL, Asencio Alejandro<br \/>\n15. Dr. JIMENEZ MONTES DE OCA, Romel Luis<br \/>\n16. Mg. JORDAN PALMA, Manuel Augusto<br \/>\n17. Mg. MALAGA CHAVEZ, Cesar Eduardo<br \/>\n18. Mg. MATHEOS HERRERA, Rub\u00e9n Antonio<br \/>\n19. Mg. ORIHUELA ORDO\u00d1EZ, Nancy Ivon<br \/>\n20. Dr. POSTIGO M\u00c1LAGA, Mauricio<br \/>\n21. Dr. PARI PINTO, Pablo Lizardo<br \/>\n22. Dr. RENDULICH TALAVERA, Jorge Eusebio<br \/>\n23. Mg. RIVERA CHAVEZ, V\u00edctor Hugo<br \/>\n24. Mg. RUCANO ALVAREZ, Hugo Cesar<br \/>\n25. Ing. SALAZAR ALARCON, Oscar Edmundo<br \/>\n26. Mg. SALAZAR CHOQUE, Humberto Albino<br \/>\n27. Mg. SAN ROMAN CASTILLO, Ebert Gabriel<br \/>\n28. Mg. SULLA ESPINOZA, Erasmo<br \/>\n29. Dr. SULLA TORRES, Ra\u00fal Ricardo<br \/>\n30. Dr. TALAVERA SUAREZ, Jes\u00fas Jos\u00e9 F.<br \/>\n31. Mg. VILLAGRA ROMERO, Mois\u00e9s Hern\u00e1n<br \/>\n32. Dr. YANYACHI ACO CARDENAS, Pablo Ra\u00fal<br \/>\n33. Dr. YANYACHI ACO CARDENAS, Daniel Domingo<br \/>\n34. Mg. ZEGARRA MEJIA, Milagros Roc\u00edo del Carmen<br \/>\n35. Ing. BOLIVAR VALDIVIA, Renzo Gustavo<br \/>\n36. Dr. RAFAEL VALDIVIA, Guillermo<br \/>\n37. Dr. HILARIO TACURI, Alexander<br \/>\n38. Ing. LAMA CORNEJO, Henrry<\/p>\n<p><strong>Docentes contratados<\/strong><br \/>\n1. Mg. HUARCA QUISPE, Jorge Leonardo<br \/>\n2. Ing. HUAITA BEDREGAL, Asencio<\/p>\n","protected":false},"excerpt":{"rendered":"<p>Docentes DAIE 1. Dr. ARCE MEDINA, Augusto Hesiquio 2. Mg. BANDA VALDIVIA, Ramiro 3. Mg. BORJA MURILLO, Juan Guillermo 4. Ing. CAYANI BERMEJO, Jos\u00e9 Arturo 5. Ing. CEBALLOS BEJARANO, Edison Wernher 6. Mg. COAGUILA GOMEZ, Ronald Percing 7. Ing. CUADROS MACHUCA, Juan Carlos 8. Dr. CUTIPA LUQUE, Juan Carlos 9. Dr. ECHAIZ ESPINOZA, German Alberto [&hellip;]<\/p>\n","protected":false},"author":1,"featured_media":1302,"parent":0,"menu_order":0,"comment_status":"closed","ping_status":"closed","template":"","meta":{"footnotes":""},"class_list":["post-1152","page","type-page","status-publish","has-post-thumbnail","hentry"],"_links":{"self":[{"href":"https:\/\/fips.unsa.edu.pe\/ingenieriaelectronica\/wp-json\/wp\/v2\/pages\/1152","targetHints":{"allow":["GET"]}}],"collection":[{"href":"https:\/\/fips.unsa.edu.pe\/ingenieriaelectronica\/wp-json\/wp\/v2\/pages"}],"about":[{"href":"https:\/\/fips.unsa.edu.pe\/ingenieriaelectronica\/wp-json\/wp\/v2\/types\/page"}],"author":[{"embeddable":true,"href":"https:\/\/fips.unsa.edu.pe\/ingenieriaelectronica\/wp-json\/wp\/v2\/users\/1"}],"replies":[{"embeddable":true,"href":"https:\/\/fips.unsa.edu.pe\/ingenieriaelectronica\/wp-json\/wp\/v2\/comments?post=1152"}],"version-history":[{"count":7,"href":"https:\/\/fips.unsa.edu.pe\/ingenieriaelectronica\/wp-json\/wp\/v2\/pages\/1152\/revisions"}],"predecessor-version":[{"id":1826,"href":"https:\/\/fips.unsa.edu.pe\/ingenieriaelectronica\/wp-json\/wp\/v2\/pages\/1152\/revisions\/1826"}],"wp:featuredmedia":[{"embeddable":true,"href":"https:\/\/fips.unsa.edu.pe\/ingenieriaelectronica\/wp-json\/wp\/v2\/media\/1302"}],"wp:attachment":[{"href":"https:\/\/fips.unsa.edu.pe\/ingenieriaelectronica\/wp-json\/wp\/v2\/media?parent=1152"}],"curies":[{"name":"wp","href":"https:\/\/api.w.org\/{rel}","templated":true}]}}