{"id":1131,"date":"2017-08-07T16:59:44","date_gmt":"2017-08-07T16:59:44","guid":{"rendered":"http:\/\/www2.unsa.edu.pe\/escuelas\/ingelectronica\/?page_id=1131"},"modified":"2025-11-03T12:06:24","modified_gmt":"2025-11-03T17:06:24","slug":"resena-historica","status":"publish","type":"page","link":"https:\/\/fips.unsa.edu.pe\/ingenieriaelectronica\/resena-historica\/","title":{"rendered":"Rese\u00f1a Hist\u00f3rica"},"content":{"rendered":"<div style=\"max-width: 900px;margin: 0 auto 36px auto;padding: 40px 35px 38px 35px;border-radius: 24px\">\n<h1 style=\"font-family: 'Montserrat', 'Segoe UI', Arial, sans-serif;font-weight: bold;color: #163b6c;font-size: 2.55em;letter-spacing: 0.01em;margin-bottom: 28px;text-align: center;border-bottom: 2.5px solid #00b38f;padding-bottom: 7px\">Rese\u00f1a Hist\u00f3rica<\/h1>\n<div style=\"font-family: 'Merriweather', 'Georgia', serif;color: #212e4e;font-size: 1.13em;line-height: 1.72;letter-spacing: 0.01em;padding: 8px 6px 0 6px\">Se inici\u00f3 como el programa acad\u00e9mico de Ingenier\u00eda Electr\u00f3nica en el a\u00f1o de 1981. Este se cre\u00f3 conjuntamente con los Programas acad\u00e9micos de Ingenier\u00eda Mec\u00e1nica y Pesquera.<\/div>\n<div style=\"font-family: 'Merriweather', 'Georgia', serif;color: #212e4e;font-size: 1.13em;line-height: 1.72;letter-spacing: 0.01em;padding: 8px 6px 0 6px\">\nEl proyecto de creaci\u00f3n del PAIE, fue formulado por los Docentes Ing. Jorge Tamayo Flores, Ing. Jorge Jarufe y el Ing.\u00a0 Augusto Arce Medina. Fue as\u00ed que con fecha 26 de mayo de 1982 se expidi\u00f3 la Resoluci\u00f3n respectiva (N\u00b0 2481-82), siendo sus primeros docentes los ingenieros Jorge Tamayo Flores, Augusto Arce Medina, Juan Borja Murillo, Enrique Valderrama Chauca, Roger Garc\u00eda Velarde y Sosa. Posteriormente a trav\u00e9s de los a\u00f1os, se incorporaron los ingenieros Miguel Delgado Bejar, Guido Ramos Jara, Eduardo Vargas Tiz\u00f3n, Oscar Salazar Alarc\u00f3n.<\/div>\n<div style=\"font-family: 'Merriweather', 'Georgia', serif;color: #212e4e;font-size: 1.13em;line-height: 1.72;letter-spacing: 0.01em;padding: 8px 6px 0 6px\">\nEl entonces PAIE formaba parte del Departamento Acad\u00e9mico de Ciencias Naturales y formales. Es necesario recordar a estudiantes de las primeras promociones, hoy renombrados profesionales, miembros de la Asociaci\u00f3n de Egresados: Ingenieros Alberto Messa, Elvis Jump, Lucy Delgado, Julio Orue, Mabel C\u00e1ceres entre otros.<\/div>\n<div style=\"font-family: 'Merriweather', 'Georgia', serif;color: #212e4e;font-size: 1.13em;line-height: 1.72;letter-spacing: 0.01em;padding: 8px 6px 0 6px\">\nEn 1984 se cre\u00f3 la FIPS y el PAIE se incorpor\u00f3 a ella, acad\u00e9mica y administrativamente, convirti\u00e9ndose desde entonces, en la Escuela Profesional de Ingenier\u00eda Electr\u00f3nica.<\/div>\n<\/div>\n","protected":false},"excerpt":{"rendered":"<p>Rese\u00f1a Hist\u00f3rica Se inici\u00f3 como el programa acad\u00e9mico de Ingenier\u00eda Electr\u00f3nica en el a\u00f1o de 1981. Este se cre\u00f3 conjuntamente con los Programas acad\u00e9micos de Ingenier\u00eda Mec\u00e1nica y Pesquera. El proyecto de creaci\u00f3n del PAIE, fue formulado por los Docentes Ing. Jorge Tamayo Flores, Ing. Jorge Jarufe y el Ing.\u00a0 Augusto Arce Medina. Fue as\u00ed [&hellip;]<\/p>\n","protected":false},"author":1,"featured_media":1280,"parent":0,"menu_order":0,"comment_status":"closed","ping_status":"closed","template":"page-imagen.php","meta":{"footnotes":""},"class_list":["post-1131","page","type-page","status-publish","has-post-thumbnail","hentry"],"_links":{"self":[{"href":"https:\/\/fips.unsa.edu.pe\/ingenieriaelectronica\/wp-json\/wp\/v2\/pages\/1131","targetHints":{"allow":["GET"]}}],"collection":[{"href":"https:\/\/fips.unsa.edu.pe\/ingenieriaelectronica\/wp-json\/wp\/v2\/pages"}],"about":[{"href":"https:\/\/fips.unsa.edu.pe\/ingenieriaelectronica\/wp-json\/wp\/v2\/types\/page"}],"author":[{"embeddable":true,"href":"https:\/\/fips.unsa.edu.pe\/ingenieriaelectronica\/wp-json\/wp\/v2\/users\/1"}],"replies":[{"embeddable":true,"href":"https:\/\/fips.unsa.edu.pe\/ingenieriaelectronica\/wp-json\/wp\/v2\/comments?post=1131"}],"version-history":[{"count":4,"href":"https:\/\/fips.unsa.edu.pe\/ingenieriaelectronica\/wp-json\/wp\/v2\/pages\/1131\/revisions"}],"predecessor-version":[{"id":1796,"href":"https:\/\/fips.unsa.edu.pe\/ingenieriaelectronica\/wp-json\/wp\/v2\/pages\/1131\/revisions\/1796"}],"wp:featuredmedia":[{"embeddable":true,"href":"https:\/\/fips.unsa.edu.pe\/ingenieriaelectronica\/wp-json\/wp\/v2\/media\/1280"}],"wp:attachment":[{"href":"https:\/\/fips.unsa.edu.pe\/ingenieriaelectronica\/wp-json\/wp\/v2\/media?parent=1131"}],"curies":[{"name":"wp","href":"https:\/\/api.w.org\/{rel}","templated":true}]}}