{"id":1522,"date":"2019-10-10T13:29:30","date_gmt":"2019-10-10T18:29:30","guid":{"rendered":"https:\/\/fips.unsa.edu.pe\/ingenierialectrica\/?page_id=1522"},"modified":"2019-10-10T13:37:19","modified_gmt":"2019-10-10T18:37:19","slug":"decalogo-del-docente-ingenieria-electrica","status":"publish","type":"page","link":"https:\/\/fips.unsa.edu.pe\/ingenieriaelectrica\/decalogo-del-docente-ingenieria-electrica\/","title":{"rendered":"Dec\u00e1logo del Docente \u2013 Estudiante"},"content":{"rendered":"<h3>DEC\u00c1LOGO DEL DOCENTE<\/h3>\n<p>La Escuela Profesional de Ingenier\u00eda El\u00e9ctrica de la Universidad Nacional de San Agust\u00edn, en el cumplimiento de su misi\u00f3n de brindar una formaci\u00f3n profesional de excelencia, cuenta con docentes de reconocida trayectoria acad\u00e9mica y profesional cuyo trabajo y participaci\u00f3n son fundamentales en la formaci\u00f3n de ingenieros capaces de contribuir con liderazgo, iniciativa y profesionalismo en el progreso y engrandecimiento del pa\u00eds.<\/p>\n<p>Los docentes de la Escuela Profesional se rigen bajo el siguiente Dec\u00e1logo.<\/p>\n<ol>\n<li>\u00a0Cumplir con puntualidad todas las actividades acad\u00e9micas y administrativas.<\/li>\n<li>Desarrollar las actividades acad\u00e9micas con la actitud y trascendencia que lo conviertan en un referente profesional y modelo a seguir.<\/li>\n<li>Brindar constante orientaci\u00f3n y retroalimentaci\u00f3n al alumno para que logre las competencias y objetivos propios del curso.<\/li>\n<li>Crear un ambiente de interacci\u00f3n, colaboraci\u00f3n y respeto que permita el desarrollo pleno de la potencialidad del alumno.<\/li>\n<li>Hacer uso de las tecnolog\u00edas de la informaci\u00f3n y comunicaci\u00f3n para un desarrollo eficaz del proceso de ense\u00f1anza-aprendizaje.<\/li>\n<li>Participar en actividades de mejora, promoci\u00f3n y reconocimiento de la Escuela y la Facultad dentro y fuera del claustro universitario.<\/li>\n<li>Establecer relaciones armoniosas y de cooperaci\u00f3n mutua con todos los miembros de la comunidad universitaria.<\/li>\n<li>Construir una reputaci\u00f3n personal y profesional en base a los m\u00e9ritos y reconocimientos de su propio trabajo.<\/li>\n<li>Actualizar permanentemente sus conocimientos y competencias en temas propios de su especialidad, as\u00ed como en metodolog\u00eda educativa.<\/li>\n<li>Respetar la propiedad intelectual y el reconocimiento a los aportes y contribuciones de otros.<\/li>\n<\/ol>\n<p>\n&nbsp;<br \/>\n<\/p>\n<h3>DEC\u00c1LOGO DEL ESTUDIANTE<\/h3>\n<p>La Escuela Profesional de Ingenier\u00eda El\u00e9ctrica de la Universidad Nacional de San Agust\u00edn, en el cumplimiento de su misi\u00f3n de brindar una formaci\u00f3n profesional de excelencia, cuenta con alumnos debidamente seleccionados para alcanzar las competencias profesionales que posteriormente les permitan desempe\u00f1arse como ingenieros de \u00e9xito, capaces de contribuir con liderazgo, iniciativa y profesionalismo al progreso y engrandecimiento del pa\u00eds.<\/p>\n<p>Todo alumno de la Escuela Profesional debe cumplir y difundir el presente Dec\u00e1logo.<\/p>\n<ol>\n<li>Asistir puntualmente a clases y participar activa y disciplinadamente en ellas.<\/li>\n<li>Prepararse con responsabilidad y esmero para adquirir los conocimientos y rendir las evaluaciones de los cursos.<\/li>\n<li>Mostrar a los docentes y al personal administrativo un comportamiento amable y respetuoso.<\/li>\n<li>Establecer con sus compa\u00f1eros relaciones de colaboraci\u00f3n y respeto mutuo.<\/li>\n<li>Hacer un uso adecuado y responsable de las instalaciones e infraestructura de la Escuela, la Facultad y la Universidad.<\/li>\n<li>Cumplir los reglamentos y normas de la Facultad y la Universidad.<\/li>\n<li>Participar en las actividades acad\u00e9micas y extra-acad\u00e9micas que se organizan en la Escuela y Facultad.<\/li>\n<li>Formar parte de grupos de estudio e investigaci\u00f3n mostrando una actitud hacia el aprendizaje constante y actualizaci\u00f3n continua.<\/li>\n<li>Respetar la propiedad intelectual y el reconocimiento a los aportes y contribuciones de otros en todo trabajo e informe acad\u00e9mico.<\/li>\n<li>Representar con correcci\u00f3n y entusiasmo a la Escuela Profesional en actividades dentro y fuera del claustro universitario.<\/li>\n<\/ol>\n","protected":false},"excerpt":{"rendered":"<p>DEC\u00c1LOGO DEL DOCENTE La Escuela Profesional de Ingenier\u00eda El\u00e9ctrica de la Universidad Nacional de San Agust\u00edn, en el cumplimiento de su misi\u00f3n de brindar una formaci\u00f3n profesional de excelencia, cuenta con docentes de reconocida trayectoria acad\u00e9mica y profesional cuyo trabajo y participaci\u00f3n son fundamentales en la formaci\u00f3n de ingenieros capaces de contribuir con liderazgo, iniciativa [&hellip;]<\/p>\n","protected":false},"author":1,"featured_media":1441,"parent":0,"menu_order":0,"comment_status":"closed","ping_status":"closed","template":"","meta":{"footnotes":""},"class_list":["post-1522","page","type-page","status-publish","has-post-thumbnail","hentry"],"_links":{"self":[{"href":"https:\/\/fips.unsa.edu.pe\/ingenieriaelectrica\/wp-json\/wp\/v2\/pages\/1522","targetHints":{"allow":["GET"]}}],"collection":[{"href":"https:\/\/fips.unsa.edu.pe\/ingenieriaelectrica\/wp-json\/wp\/v2\/pages"}],"about":[{"href":"https:\/\/fips.unsa.edu.pe\/ingenieriaelectrica\/wp-json\/wp\/v2\/types\/page"}],"author":[{"embeddable":true,"href":"https:\/\/fips.unsa.edu.pe\/ingenieriaelectrica\/wp-json\/wp\/v2\/users\/1"}],"replies":[{"embeddable":true,"href":"https:\/\/fips.unsa.edu.pe\/ingenieriaelectrica\/wp-json\/wp\/v2\/comments?post=1522"}],"version-history":[{"count":6,"href":"https:\/\/fips.unsa.edu.pe\/ingenieriaelectrica\/wp-json\/wp\/v2\/pages\/1522\/revisions"}],"predecessor-version":[{"id":1533,"href":"https:\/\/fips.unsa.edu.pe\/ingenieriaelectrica\/wp-json\/wp\/v2\/pages\/1522\/revisions\/1533"}],"wp:featuredmedia":[{"embeddable":true,"href":"https:\/\/fips.unsa.edu.pe\/ingenieriaelectrica\/wp-json\/wp\/v2\/media\/1441"}],"wp:attachment":[{"href":"https:\/\/fips.unsa.edu.pe\/ingenieriaelectrica\/wp-json\/wp\/v2\/media?parent=1522"}],"curies":[{"name":"wp","href":"https:\/\/api.w.org\/{rel}","templated":true}]}}