{"id":2397,"date":"2024-12-02T15:34:21","date_gmt":"2024-12-02T20:34:21","guid":{"rendered":"https:\/\/fips.unsa.edu.pe\/ingenieriadesistemas\/?page_id=2397"},"modified":"2024-12-02T15:44:24","modified_gmt":"2024-12-02T20:44:24","slug":"ciis-2024","status":"publish","type":"page","link":"https:\/\/fips.unsa.edu.pe\/ingenieriadesistemas\/ciis-2024\/","title":{"rendered":"CIIS 2024"},"content":{"rendered":"<div><\/div>\n<div><a href=\"https:\/\/sites.google.com\/unsa.edu.pe\/ciis2024\/\"><img loading=\"lazy\" decoding=\"async\" class=\"aligncenter size-large wp-image-2395\" src=\"https:\/\/fips.unsa.edu.pe\/ingenieriadesistemas\/wp-content\/uploads\/sites\/2\/2024\/12\/Neutral-Blue-Minimalism-Motivational-Life-Quote-Desktop-Wallpaper-7-848x355.png\" alt=\"\" width=\"848\" height=\"355\" srcset=\"https:\/\/fips.unsa.edu.pe\/ingenieriadesistemas\/wp-content\/uploads\/sites\/2\/2024\/12\/Neutral-Blue-Minimalism-Motivational-Life-Quote-Desktop-Wallpaper-7-848x355.png 848w, https:\/\/fips.unsa.edu.pe\/ingenieriadesistemas\/wp-content\/uploads\/sites\/2\/2024\/12\/Neutral-Blue-Minimalism-Motivational-Life-Quote-Desktop-Wallpaper-7-1170x489.png 1170w\" sizes=\"auto, (max-width: 848px) 100vw, 848px\" \/><\/a><\/div>\n<div class=\"CjVfdc CJIdie\"><strong><span class=\"puwcIf C9DxTc \">Objetivo CIIS 20<\/span><span class=\"puwcIf C9DxTc \">24<\/span><\/strong><\/div>\n<div><span class=\"C9DxTc \">F<\/span><span class=\"C9DxTc \">omentar el intercambio de experiencias en los distintos \u00e1mbitos profesionales que exige la aplicaci\u00f3n en el desarrollo de software y el uso de tecnolog\u00edas de informaci\u00f3n emergentes a trav\u00e9s del IV Congreso Internacional de la Escuela Profesional de Ingenier\u00eda de Sistemas \u2013 CIIS 2024.<\/span><\/div>\n<div><\/div>\n<div>\n<div class=\"CjVfdc CJIdie\"><strong><span class=\"puwcIf C9DxTc \">Conferencistas<\/span><\/strong><\/div>\n<div><span class=\"C9DxTc \">Como ponentes participar\u00e1n destacados profesionales expositores acad\u00e9micos y de la industria internacionales desde Estados Unid<\/span><span class=\"C9DxTc \">os,\u00a0<\/span><span class=\"C9DxTc \">Brasil, Chile, M\u00e9xico,\u00a0<\/span><span class=\"C9DxTc \">Colombia y<\/span><span class=\"C9DxTc \">\u00a0Per\u00fa.<\/span><\/div>\n<\/div>\n<div><\/div>\n<div>\n<div class=\"CjVfdc CJIdie\"><strong><span class=\"puwcIf C9DxTc \">Sobre del evento<\/span><\/strong><\/div>\n<div>\n<p class=\"zfr3Q CDt4Ke \" dir=\"ltr\"><span class=\"C9DxTc \">El IV Congreso Internacional de Ingenier\u00eda de Sistemas (CIIS 2024) de la Universidad Nacional de San Agust\u00edn de Arequipa es un espacio internacional de reflexi\u00f3n acad\u00e9mica, pr\u00e1ctica que inculca habilidades blandas; en el cual se abordar\u00e1n temas relacionados a los siguientes ejes tem\u00e1ticos:<\/span><\/p>\n<ul class=\"n8H08c UVNKR \">\n<li class=\"zfr3Q TYR86d eD0Rn \" dir=\"ltr\">\n<p class=\"zfr3Q CDt4Ke \" dir=\"ltr\" role=\"presentation\"><span class=\"C9DxTc \">Ingenier\u00eda de Software.<\/span><\/p>\n<\/li>\n<li class=\"zfr3Q TYR86d eD0Rn \" dir=\"ltr\">\n<p class=\"zfr3Q CDt4Ke \" dir=\"ltr\" role=\"presentation\"><span class=\"C9DxTc \">Ciberseguridad.<\/span><\/p>\n<\/li>\n<li class=\"zfr3Q TYR86d eD0Rn \" dir=\"ltr\">\n<p class=\"zfr3Q CDt4Ke \" dir=\"ltr\" role=\"presentation\"><span class=\"C9DxTc \">Ciencia de datos.\u00a0<\/span><\/p>\n<\/li>\n<li class=\"zfr3Q TYR86d eD0Rn \" dir=\"ltr\">\n<p class=\"zfr3Q CDt4Ke \" dir=\"ltr\" role=\"presentation\"><span class=\"C9DxTc \">Inteligencia Artificial y Rob\u00f3tica.\u00a0<\/span><\/p>\n<\/li>\n<li class=\"zfr3Q TYR86d eD0Rn \" dir=\"ltr\">\n<p class=\"zfr3Q CDt4Ke \" dir=\"ltr\" role=\"presentation\"><span class=\"C9DxTc \">Tecnolog\u00edas emergentes.<\/span><\/p>\n<\/li>\n<\/ul>\n<p class=\"zfr3Q CDt4Ke \" dir=\"ltr\"><span class=\"C9DxTc \">Con foco especial en sus aplicaciones para contribuir con el desarrollo sostenible.\u00a0<\/span><span class=\"C9DxTc \">En ese sentido, invitamos a investigadores, profesionales y estudiantes a participar del evento este presente a\u00f1o.<\/span><\/p>\n<\/div>\n<\/div>\n<p dir=\"ltr\"><strong>Informaci\u00f3n del participante<\/strong><\/p>\n<p>El CIIS 2024 se realizar\u00e1 con forma virtual (online).<\/p>\n<p>El presente evento es totalmente gratuito, por lo que los participantes deber\u00e1n inscribirse mediante un formulario.<\/p>\n<p>El cierre de inscripciones es el : 06 de noviembre de 2024 (o hasta completar el aforo).<\/p>\n<p>Asistencia virtual: Los participantes inscritos con opci\u00f3n de asistencia virtual emplear\u00e1n las credenciales enviadas a su correo electr\u00f3nico para acceder a la sala virtual de acuerdo a los horarios del programa.<\/p>\n<p>&nbsp;<\/p>\n<p><strong>P\u00e1gina web oficial:<\/strong> <a href=\"https:\/\/sites.google.com\/unsa.edu.pe\/ciis2024\" target=\"_blank\" rel=\"noopener\">https:\/\/sites.google.com\/unsa.edu.pe\/ciis2024<\/a><\/p>\n","protected":false},"excerpt":{"rendered":"<p>Objetivo CIIS 2024 Fomentar el intercambio de experiencias en los distintos \u00e1mbitos profesionales que exige la aplicaci\u00f3n en el desarrollo de software y el uso de tecnolog\u00edas de informaci\u00f3n emergentes a trav\u00e9s del IV Congreso Internacional de la Escuela Profesional de Ingenier\u00eda de Sistemas \u2013 CIIS 2024. Conferencistas Como ponentes participar\u00e1n destacados profesionales expositores acad\u00e9micos [&hellip;]<\/p>\n","protected":false},"author":21,"featured_media":0,"parent":0,"menu_order":0,"comment_status":"closed","ping_status":"closed","template":"","meta":{"footnotes":""},"class_list":["post-2397","page","type-page","status-publish","hentry"],"_links":{"self":[{"href":"https:\/\/fips.unsa.edu.pe\/ingenieriadesistemas\/wp-json\/wp\/v2\/pages\/2397","targetHints":{"allow":["GET"]}}],"collection":[{"href":"https:\/\/fips.unsa.edu.pe\/ingenieriadesistemas\/wp-json\/wp\/v2\/pages"}],"about":[{"href":"https:\/\/fips.unsa.edu.pe\/ingenieriadesistemas\/wp-json\/wp\/v2\/types\/page"}],"author":[{"embeddable":true,"href":"https:\/\/fips.unsa.edu.pe\/ingenieriadesistemas\/wp-json\/wp\/v2\/users\/21"}],"replies":[{"embeddable":true,"href":"https:\/\/fips.unsa.edu.pe\/ingenieriadesistemas\/wp-json\/wp\/v2\/comments?post=2397"}],"version-history":[{"count":2,"href":"https:\/\/fips.unsa.edu.pe\/ingenieriadesistemas\/wp-json\/wp\/v2\/pages\/2397\/revisions"}],"predecessor-version":[{"id":2406,"href":"https:\/\/fips.unsa.edu.pe\/ingenieriadesistemas\/wp-json\/wp\/v2\/pages\/2397\/revisions\/2406"}],"wp:attachment":[{"href":"https:\/\/fips.unsa.edu.pe\/ingenieriadesistemas\/wp-json\/wp\/v2\/media?parent=2397"}],"curies":[{"name":"wp","href":"https:\/\/api.w.org\/{rel}","templated":true}]}}