{"id":2259,"date":"2024-01-07T23:48:59","date_gmt":"2024-01-08T04:48:59","guid":{"rendered":"https:\/\/fips.unsa.edu.pe\/ingenieriadesistemas\/?page_id=2259"},"modified":"2024-01-07T23:53:04","modified_gmt":"2024-01-08T04:53:04","slug":"conasein-2023","status":"publish","type":"page","link":"https:\/\/fips.unsa.edu.pe\/ingenieriadesistemas\/conasein-2023\/","title":{"rendered":"Conasein 2023"},"content":{"rendered":"<p>El I Congreso Nacional de Semilleros de Investigaci\u00f3n convoca e invita a estudiantes miembros de semilleros de investigaci\u00f3n y docentes investigadores de universidades p\u00fablicas y privadas e Institutos de investigaci\u00f3n, a participar del concurso abierto de la presentaci\u00f3n y sustentaci\u00f3n de trabajos o proyectos de investigaci\u00f3n. El congreso es organizado por la Universidad Nacional de San Agust\u00edn de Arequipa (Per\u00fa) y se realizar\u00e1 el 30 noviembre y 01 de diciembre del 2023.<\/p>\n<p>El objetivo general del evento es fomentar el intercambio cultural, acad\u00e9mico, de investigaci\u00f3n e innovaci\u00f3n cient\u00edfica de las Universidades P\u00fablicas, Privadas e Institutos de Investigaci\u00f3n a trav\u00e9s del I Congreso Nacional de Semilleros de Investigaci\u00f3n \u2013 CONASEIN: \u201cSembrando Ciencia para el Desarrollo del Per\u00fa\u201d.<\/p>\n<p>El CONASEIN convoca a los estudiantes, egresados y docentes que formen parte de grupos, c\u00edrculos o semilleros de investigaci\u00f3n en las diversas \u00e1reas de conocimiento de la OCDE:<\/p>\n<ul>\n<li>1.00.00 &#8212; Ciencias naturales,<\/li>\n<li>2.00.00 &#8212; Ingenier\u00eda, Tecnolog\u00eda<\/li>\n<li>3.00.00 &#8212; Ciencias m\u00e9dicas, Ciencias de la salud<\/li>\n<li>4.00.00 &#8212; Ciencias agr\u00edcolas<\/li>\n<li>5.00.00 &#8212; Ciencias sociales<\/li>\n<li>6.00.00 &#8212; Humanidades<\/li>\n<\/ul>\n<p>Pagina Web oficial del evento: <a href=\"https:\/\/sites.google.com\/unsa.edu.pe\/conasein2023\/\" target=\"_blank\" rel=\"noopener\">https:\/\/sites.google.com\/unsa.edu.pe\/conasein2023\/<\/a><\/p>\n","protected":false},"excerpt":{"rendered":"<p>El I Congreso Nacional de Semilleros de Investigaci\u00f3n convoca e invita a estudiantes miembros de semilleros de investigaci\u00f3n y docentes investigadores de universidades p\u00fablicas y privadas e Institutos de investigaci\u00f3n, a participar del concurso abierto de la presentaci\u00f3n y sustentaci\u00f3n de trabajos o proyectos de investigaci\u00f3n. El congreso es organizado por la Universidad Nacional de [&hellip;]<\/p>\n","protected":false},"author":6,"featured_media":0,"parent":0,"menu_order":0,"comment_status":"closed","ping_status":"closed","template":"","meta":{"footnotes":""},"class_list":["post-2259","page","type-page","status-publish","hentry"],"_links":{"self":[{"href":"https:\/\/fips.unsa.edu.pe\/ingenieriadesistemas\/wp-json\/wp\/v2\/pages\/2259","targetHints":{"allow":["GET"]}}],"collection":[{"href":"https:\/\/fips.unsa.edu.pe\/ingenieriadesistemas\/wp-json\/wp\/v2\/pages"}],"about":[{"href":"https:\/\/fips.unsa.edu.pe\/ingenieriadesistemas\/wp-json\/wp\/v2\/types\/page"}],"author":[{"embeddable":true,"href":"https:\/\/fips.unsa.edu.pe\/ingenieriadesistemas\/wp-json\/wp\/v2\/users\/6"}],"replies":[{"embeddable":true,"href":"https:\/\/fips.unsa.edu.pe\/ingenieriadesistemas\/wp-json\/wp\/v2\/comments?post=2259"}],"version-history":[{"count":5,"href":"https:\/\/fips.unsa.edu.pe\/ingenieriadesistemas\/wp-json\/wp\/v2\/pages\/2259\/revisions"}],"predecessor-version":[{"id":2264,"href":"https:\/\/fips.unsa.edu.pe\/ingenieriadesistemas\/wp-json\/wp\/v2\/pages\/2259\/revisions\/2264"}],"wp:attachment":[{"href":"https:\/\/fips.unsa.edu.pe\/ingenieriadesistemas\/wp-json\/wp\/v2\/media?parent=2259"}],"curies":[{"name":"wp","href":"https:\/\/api.w.org\/{rel}","templated":true}]}}