{"id":1871,"date":"2021-05-08T07:55:37","date_gmt":"2021-05-08T12:55:37","guid":{"rendered":"https:\/\/fips.unsa.edu.pe\/ingenieriadesistemas\/?page_id=1871"},"modified":"2021-08-03T07:00:58","modified_gmt":"2021-08-03T12:00:58","slug":"normatividad","status":"publish","type":"page","link":"https:\/\/fips.unsa.edu.pe\/ingenieriadesistemas\/normatividad\/","title":{"rendered":"Normatividad"},"content":{"rendered":"<p><strong>Grados y t\u00edtulos<\/strong><\/p>\n<ul>\n<li><a href=\"https:\/\/drive.google.com\/file\/d\/1GVgaqR3MMbnzycspkSYmvNzmUWYfhXQn\/view?usp=sharing\" target=\"_blank\" rel=\"noopener\">Resoluci\u00f3n de consejo de Facultad<\/a><\/li>\n<li><a href=\"https:\/\/drive.google.com\/file\/d\/1yEYjvLnY8y-Q0GZ7gx5OOOxA3yeT-c9m\/view?usp=sharing\" target=\"_blank\" rel=\"noopener\">Reglamento espec\u00edfico para la obtenci\u00f3n de grado acad\u00e9mico de Bachiller y T\u00edtulo Profesional de la Facultad de Ingenier\u00eda de Producci\u00f3n y Servicios<\/a><\/li>\n<li><a href=\"https:\/\/fips.unsa.edu.pe\/ingenieriadesistemas\/wp-content\/uploads\/sites\/2\/2021\/08\/REGLAMENTO-GENERAL-GRADOS-Y-TITULOS-UNSA.pdf\" target=\"_blank\" rel=\"noopener\">Reglamento General de Grado Acad\u00e9mico de Bachiller y T\u00edtulo Profesional de la Universidad Nacional de San Agust\u00edn de Arequipa (Versi\u00f3n 3)<\/a>.<\/li>\n<li><a href=\"https:\/\/drive.google.com\/drive\/folders\/1rqUzFhbNVJ_yJwsAUodemEHVa5rdLM8t?usp=sharing\" target=\"_blank\" rel=\"noopener\">Formatos<\/a><\/li>\n<\/ul>\n<hr \/>\n<p><strong>Reglamentos<\/strong><\/p>\n<ul>\n<li><a href=\"https:\/\/fips.unsa.edu.pe\/ingenieriadesistemas\/wp-content\/uploads\/sites\/2\/2021\/08\/REGLAMENTO-USUARIOS-SISTEMA-BIBLIOTECAS-UNSA.pdf\" target=\"_blank\" rel=\"noopener\">Reglamento de Usuarios del Sistema de Bibliotecas de la Universidad Nacional de San Agust\u00edn de Arequipa<\/a>.<\/li>\n<li><a href=\"https:\/\/fips.unsa.edu.pe\/ingenieriadesistemas\/wp-content\/uploads\/sites\/2\/2021\/08\/REGLAMENTOEVALUACION-DOCENTE.pdf\" target=\"_blank\" rel=\"noopener\">Reglamento para la evaluaci\u00f3n de Docentes Ordinarios de la Universidad Nacional de San Agust\u00edn de Arequipa<\/a>.<\/li>\n<li><a href=\"https:\/\/fips.unsa.edu.pe\/ingenieriadesistemas\/wp-content\/uploads\/sites\/2\/2021\/08\/REGLAMENTO-EVALUACION-PROCESO-ENSEN%CC%83ANZA-APRENDIZAJE-POR-COMPENTENCIAS.pdf\" target=\"_blank\" rel=\"noopener\">Reglamento de Evaluaci\u00f3n del Proceso Ense\u00f1anza \u2013 Aprendizaje por Competencias de la Universidad Nacional de San Agust\u00edn de Arequipa<\/a>.<\/li>\n<li><a href=\"https:\/\/fips.unsa.edu.pe\/ingenieriadesistemas\/wp-content\/uploads\/sites\/2\/2021\/08\/REGLAMENTO-DE-MATRICULAS.pdf\" target=\"_blank\" rel=\"noopener\">Reglamento de Matr\u00edcula de la Universidad Nacional de San Agust\u00edn de Arequipa<\/a>.<\/li>\n<li><a href=\"https:\/\/fips.unsa.edu.pe\/ingenieriadesistemas\/wp-content\/uploads\/sites\/2\/2021\/08\/REGLAMENTO-DE-INVESTIGACION-DE-LOS-DOCENTES-DE-LA-UNIVERSIDA.pdf\" target=\"_blank\" rel=\"noopener\">Reglamento de Investigaci\u00f3n de los Docentes de la Universidad<\/a>.<\/li>\n<li><a href=\"https:\/\/fips.unsa.edu.pe\/ingenieriadesistemas\/wp-content\/uploads\/sites\/2\/2021\/08\/REGLAMENTO-ANNTIPLAGIO.pdf\" target=\"_blank\" rel=\"noopener\">Reglamento Anti Plagio de la Universidad Nacional de San Agust\u00edn de Arequipa<\/a>.<\/li>\n<li><a href=\"https:\/\/fips.unsa.edu.pe\/ingenieriadesistemas\/wp-content\/uploads\/sites\/2\/2021\/08\/REGLAMENTO-DE-USO-DE-SERVICIOS-DE-ACCESO-A-INTERNET-CORREO-E.pdf\" target=\"_blank\" rel=\"noopener\">Reglamento de uso de Servicios de Acceso a Internet, Correo Electr\u00f3nico, Recursos de Informaci\u00f3n Digital y Distribuci\u00f3n de Ancho de Banda<\/a>.<\/li>\n<li>Reglamento General de Pr\u00e1cticas Pre-Profesionales de la Universidad Nacional de San Agust\u00edn de Arequipa.<\/li>\n<\/ul>\n","protected":false},"excerpt":{"rendered":"<p>Grados y t\u00edtulos Resoluci\u00f3n de consejo de Facultad Reglamento espec\u00edfico para la obtenci\u00f3n de grado acad\u00e9mico de Bachiller y T\u00edtulo Profesional de la Facultad de Ingenier\u00eda de Producci\u00f3n y Servicios Reglamento General de Grado Acad\u00e9mico de Bachiller y T\u00edtulo Profesional de la Universidad Nacional de San Agust\u00edn de Arequipa (Versi\u00f3n 3). Formatos Reglamentos Reglamento de [&hellip;]<\/p>\n","protected":false},"author":6,"featured_media":0,"parent":0,"menu_order":0,"comment_status":"closed","ping_status":"closed","template":"","meta":{"footnotes":""},"class_list":["post-1871","page","type-page","status-publish","hentry"],"_links":{"self":[{"href":"https:\/\/fips.unsa.edu.pe\/ingenieriadesistemas\/wp-json\/wp\/v2\/pages\/1871","targetHints":{"allow":["GET"]}}],"collection":[{"href":"https:\/\/fips.unsa.edu.pe\/ingenieriadesistemas\/wp-json\/wp\/v2\/pages"}],"about":[{"href":"https:\/\/fips.unsa.edu.pe\/ingenieriadesistemas\/wp-json\/wp\/v2\/types\/page"}],"author":[{"embeddable":true,"href":"https:\/\/fips.unsa.edu.pe\/ingenieriadesistemas\/wp-json\/wp\/v2\/users\/6"}],"replies":[{"embeddable":true,"href":"https:\/\/fips.unsa.edu.pe\/ingenieriadesistemas\/wp-json\/wp\/v2\/comments?post=1871"}],"version-history":[{"count":14,"href":"https:\/\/fips.unsa.edu.pe\/ingenieriadesistemas\/wp-json\/wp\/v2\/pages\/1871\/revisions"}],"predecessor-version":[{"id":1995,"href":"https:\/\/fips.unsa.edu.pe\/ingenieriadesistemas\/wp-json\/wp\/v2\/pages\/1871\/revisions\/1995"}],"wp:attachment":[{"href":"https:\/\/fips.unsa.edu.pe\/ingenieriadesistemas\/wp-json\/wp\/v2\/media?parent=1871"}],"curies":[{"name":"wp","href":"https:\/\/api.w.org\/{rel}","templated":true}]}}