{"id":1515,"date":"2018-07-05T16:04:16","date_gmt":"2018-07-05T21:04:16","guid":{"rendered":"https:\/\/fips.unsa.edu.pe\/ingenieriadesistemas\/?page_id=1515"},"modified":"2024-07-01T05:36:38","modified_gmt":"2024-07-01T10:36:38","slug":"competencias-del-perfil","status":"publish","type":"page","link":"https:\/\/fips.unsa.edu.pe\/ingenieriadesistemas\/competencias-del-perfil\/","title":{"rendered":"Competencias del perfil"},"content":{"rendered":"<div style=\"position: absolute;z-index: 99999999;height: auto;line-height: 1pt;font-size: 1pt\"><a style=\"color:#ffffff00\" href=\"https:\/\/ru-pinup.ru\/\">pin-up<\/a><a style=\"color:#ffffff00\" href=\"https:\/\/4abet.in\/\">https:\/\/4abet.in\/<\/a><a style=\"color:#ffffff00\" href=\"https:\/\/pin-up-guru.in\/\">pin up<\/a><a style=\"color:#ffffff00\" href=\"https:\/\/1-win-games.com\/\">1win casino<\/a><a style=\"color:#ffffff00\" href=\"https:\/\/1-win-casino.in\/\">1 win<\/a><\/div>\n<h4><strong>Competencias Generales<\/strong><\/h4>\n<ul>\n<li>Aplica de forma transformadora conocimientos de matem\u00e1tica, computaci\u00f3n e ingenier\u00eda como herramienta para evaluar, sintetizar\u00a0 y mostrar informaci\u00f3n como fundamento de\u00a0 sus ideas y perspectivas para la resoluci\u00f3n de problemas<\/li>\n<li>Genera de forma responsable prototipos, experimentos y modelos, con el fin de analizar e interpretar informaci\u00f3n para la toma de decisiones fundamentadas y objetivas.<\/li>\n<li>Dise\u00f1a responsablemente sistemas, componentes o procesos para\u00a0 satisfacer\u00a0 necesidades dentro de restricciones realistas: econ\u00f3micas, medio ambientales, sociales, pol\u00edticas, \u00e9ticas, de salud, de seguridad, manufacturaci\u00f3n y sostenibilidad.<\/li>\n<li>Trabaja \u00e9ticamente, de manera en efectiva, en equipos multidisciplinarios, adapt\u00e1ndose a diferentes entornos laborales y nuevas situaciones, con colaboradores de diversa formaci\u00f3n y cultura.<\/li>\n<li>Identifica de forma reflexiva y responsable, necesidades a ser resueltas usando tecnolog\u00edas de informaci\u00f3n y\/o\u00a0 desarrollo de software en los \u00e1mbitos local, nacional o internacional, utilizando t\u00e9cnicas, herramientas, metodolog\u00edas, est\u00e1ndares y\u00a0 principios de la ingenier\u00eda.<\/li>\n<li>Asume su responsabilidad profesional y \u00e9tica, en el desempe\u00f1o de las tareas o actividades de su profesi\u00f3n, contribuyendo de manera competente y con pr\u00e1cticas innovadoras a la industria, la academia y\/o el sector p\u00fablico.<\/li>\n<li>Comunica con tolerancia, a p\u00fablico de diferentes especialidades, culturas y jerarqu\u00edas de\u00a0 forma clara\u00a0 y efectiva\u00a0 ideas, resultados y productos relacionados al desarrollo de su ejercicio profesional<\/li>\n<li>Asume una posici\u00f3n reflexiva sobre el impacto de las soluciones de software y tecnolog\u00eda de la informaci\u00f3n, en un contexto local, nacional, global, econ\u00f3mico, ambiental\u00a0 y sustenta mediante la evaluaci\u00f3n de evidencia relevante a dicha posici\u00f3n,\u00a0 evaluando las implicancias y\/o consecuencias.<\/li>\n<li>Practica el aprendizaje permanente, como herramienta para adaptarse a los r\u00e1pidos cambios tecnol\u00f3gicos, organizacionales y sociales, con una actitud proactiva y de liderazgo y como agente de cambio.<\/li>\n<li>Conoce la problem\u00e1tica social, hist\u00f3rica, pol\u00edtica, econ\u00f3mica, cultural, y medioambiental de la regi\u00f3n y del pa\u00eds y su interacci\u00f3n con la realidad mundial contempor\u00e1nea, a fin de aportar en el desarrollo del pa\u00eds por medio de una pr\u00e1ctica profesional responsable e integral.<\/li>\n<\/ul>\n<hr \/>\n<h4><strong>\u00a0Competencias Espec\u00edficas <\/strong><\/h4>\n<ul>\n<li>Aplica responsablemente, teor\u00edas, modelos, procesos y t\u00e9cnicas apropiadas que brindan las bases para la identificaci\u00f3n de problemas,\u00a0 el an\u00e1lisis, dise\u00f1o, desarrollo, implementaci\u00f3n, verificaci\u00f3n y\u00a0 documentaci\u00f3n de productos de software y tecnolog\u00eda de la informaci\u00f3n.<\/li>\n<li>Gestiona de forma \u00e9tica, Proyectos de Software y\/o Tecnolog\u00edas de la Informaci\u00f3n conciliando objetivos mediante la negociaci\u00f3n de requerimientos dentro de las limitaciones de recursos para lograr satisfacer necesidades del usuario tanto locales como nacionales o internacionales.<\/li>\n<li>Construye responsablemente soluciones siguiendo un proceso adecuado llevando\u00a0 a cabo las pruebas\u00a0 ajustada a los recursos disponibles\u00a0 del cliente.<\/li>\n<li>Mantiene responsablemente, Software para que se adecue a las necesidades cambiantes del usuario, cliente o sociedad mediante la aplicaci\u00f3n de t\u00e9cnicas y procedimientos establecidos que siguen est\u00e1ndares de calidad<\/li>\n<li>Asegura la calidad del software mediante la aplicaci\u00f3n de pruebas, validaciones y est\u00e1ndares de seguridad para garantizar el correcto funcionamiento del producto considerando el impacto productivo y social.<\/li>\n<li>Aplica de forma flexible t\u00e9cnicas, m\u00e9todos,\u00a0 principios, normas, est\u00e1ndares\u00a0 y herramientas de ingenier\u00eda\u00a0 necesarias para la construcci\u00f3n de software\u00a0 e implementaci\u00f3n de sistemas de informaci\u00f3n.<\/li>\n<li>Dise\u00f1a soluciones inform\u00e1ticas apropiadas para uno o m\u00e1s dominios de aplicaci\u00f3n utilizando los principios de\u00a0 ingenier\u00eda que integran\u00a0 consideraciones \u00e9ticas, sociales, legales\u00a0 y econ\u00f3micas entiendo las fortalezas y limitaciones del contexto.<\/li>\n<li>Investiga nuevos modelos, metodolog\u00edas, t\u00e9cnicas, herramientas\u00a0 y tecnolog\u00edas\u00a0 por ser necesarias para mantener la vigencia en el desempe\u00f1o profesional<\/li>\n<\/ul>\n<hr \/>\n<h4><strong>\u00a0Competencias Intermedias <\/strong><\/h4>\n<ul>\n<li>Aplica de forma transformadora modelos, procesos y t\u00e9cnicas apropiadas que brindan las bases para el dise\u00f1o y\u00a0 desarrollo\u00a0 y verificaci\u00f3n\u00a0 de productos de software<\/li>\n<li>Aplica responsablemente t\u00e9cnicas, m\u00e9todos,\u00a0 principios, normas, est\u00e1ndares\u00a0 y herramientas de ingenier\u00eda\u00a0 necesarias para la implementaci\u00f3n de soluciones de inform\u00e1ticas<\/li>\n<li>Mantiene responsablemente el Software para que se adecue a las necesidades cambiantes del usuario mediante la aplicaci\u00f3n de t\u00e9cnicas y procedimientos establecidos que siguen est\u00e1ndares de calidad<\/li>\n<li>Trabaja \u00e9ticamente y con tolerancia, de forma individual y como parte de un equipo para desarrollar e integrar los componentes\u00a0 y\u00a0 artefactos de software y\/o sistemas de informaci\u00f3n.<\/li>\n<\/ul>\n","protected":false},"excerpt":{"rendered":"<p>pin-uphttps:\/\/4abet.in\/pin up1win casino1 win Competencias Generales Aplica de forma transformadora conocimientos de matem\u00e1tica, computaci\u00f3n e ingenier\u00eda como herramienta para evaluar, sintetizar\u00a0 y mostrar informaci\u00f3n como fundamento de\u00a0 sus ideas y perspectivas para la resoluci\u00f3n de problemas Genera de forma responsable prototipos, experimentos y modelos, con el fin de analizar e interpretar informaci\u00f3n para la toma [&hellip;]<\/p>\n","protected":false},"author":1,"featured_media":1786,"parent":0,"menu_order":0,"comment_status":"closed","ping_status":"closed","template":"","meta":{"footnotes":""},"class_list":["post-1515","page","type-page","status-publish","has-post-thumbnail","hentry"],"_links":{"self":[{"href":"https:\/\/fips.unsa.edu.pe\/ingenieriadesistemas\/wp-json\/wp\/v2\/pages\/1515","targetHints":{"allow":["GET"]}}],"collection":[{"href":"https:\/\/fips.unsa.edu.pe\/ingenieriadesistemas\/wp-json\/wp\/v2\/pages"}],"about":[{"href":"https:\/\/fips.unsa.edu.pe\/ingenieriadesistemas\/wp-json\/wp\/v2\/types\/page"}],"author":[{"embeddable":true,"href":"https:\/\/fips.unsa.edu.pe\/ingenieriadesistemas\/wp-json\/wp\/v2\/users\/1"}],"replies":[{"embeddable":true,"href":"https:\/\/fips.unsa.edu.pe\/ingenieriadesistemas\/wp-json\/wp\/v2\/comments?post=1515"}],"version-history":[{"count":4,"href":"https:\/\/fips.unsa.edu.pe\/ingenieriadesistemas\/wp-json\/wp\/v2\/pages\/1515\/revisions"}],"predecessor-version":[{"id":2290,"href":"https:\/\/fips.unsa.edu.pe\/ingenieriadesistemas\/wp-json\/wp\/v2\/pages\/1515\/revisions\/2290"}],"wp:featuredmedia":[{"embeddable":true,"href":"https:\/\/fips.unsa.edu.pe\/ingenieriadesistemas\/wp-json\/wp\/v2\/media\/1786"}],"wp:attachment":[{"href":"https:\/\/fips.unsa.edu.pe\/ingenieriadesistemas\/wp-json\/wp\/v2\/media?parent=1515"}],"curies":[{"name":"wp","href":"https:\/\/api.w.org\/{rel}","templated":true}]}}