{"id":1149,"date":"2024-09-26T12:09:33","date_gmt":"2024-09-26T17:09:33","guid":{"rendered":"http:\/\/www2.unsa.edu.pe\/fips\/ciecomputacion\/?page_id=1149"},"modified":"2024-09-26T12:09:33","modified_gmt":"2024-09-26T17:09:33","slug":"vision-y-mision","status":"publish","type":"page","link":"https:\/\/fips.unsa.edu.pe\/cienciadelacomputacion\/vision-y-mision\/","title":{"rendered":"Visi\u00f3n y Misi\u00f3n"},"content":{"rendered":"<div class=\"cua-gra\"><\/p>\n<h4><\/h4>\n<p><img loading=\"lazy\" decoding=\"async\" class=\"hidden-xs alignnone size-medium wp-image-1442\" src=\"https:\/\/fips.unsa.edu.pe\/cienciadelacomputacion\/wp-content\/uploads\/sites\/8\/2020\/08\/TodoCS-360x203.jpg\" alt=\"\" width=\"360\" height=\"203\" \/><strong>MISI\u00d3N\u00a0<\/strong><\/p>\n<p>Contribuir al desarrollo tecnol\u00f3gico y t\u00e9cnico del pa\u00eds, a trav\u00e9s de profesionales competentes, orientados a la creaci\u00f3n de nueva tecnolog\u00eda computacional, como motor que impulse y consolide la industria del software en base a la investigaci\u00f3n cient\u00edfica y tecnol\u00f3gica en \u00e1reas innovadoras formando profesionales con un conjunto de habilidades y destrezas para la soluci\u00f3n de problemas computacionales con un compromiso social<\/p>\n<p><\/div>\n<div class=\"cua-gri\"><\/p>\n<h4><img loading=\"lazy\" decoding=\"async\" class=\"hidden-xs alignnone size-medium wp-image-1281\" src=\"https:\/\/fips.unsa.edu.pe\/ciecomputacion\/wp-content\/uploads\/sites\/8\/2018\/05\/IMG_2976-360x203.jpg\" alt=\"\" width=\"360\" height=\"203\" \/>VISI\u00d3N<\/h4>\n<p>Ser una carrera profesional acreditada con est\u00e1ndares internacionales y que cuente con el reconocimiento en funci\u00f3n de la calidad y competitividad de sus docentes y egresados, ser una carrera que trascienda por la relevancia y pertinencia de sus proyectos de investigaci\u00f3n b\u00e1sica y aplicada y que promueva el desarrollo de la industria del software a nivel internacional, incorporando a sus egresados a la industria ya establecida o generando nuevas empresas desarrolladoras de software.<\/p>\n<p>Queremos ser una carrera que comparta y difunda el conocimiento con todos los sectores de la poblaci\u00f3n y contribuya a la soluci\u00f3n de los problemas estrat\u00e9gicos de nuestra sociedad<\/p>\n<p><\/div>\n","protected":false},"excerpt":{"rendered":"","protected":false},"author":1,"featured_media":0,"parent":0,"menu_order":0,"comment_status":"closed","ping_status":"closed","template":"","meta":{"footnotes":""},"class_list":["post-1149","page","type-page","status-publish","hentry"],"_links":{"self":[{"href":"https:\/\/fips.unsa.edu.pe\/cienciadelacomputacion\/wp-json\/wp\/v2\/pages\/1149","targetHints":{"allow":["GET"]}}],"collection":[{"href":"https:\/\/fips.unsa.edu.pe\/cienciadelacomputacion\/wp-json\/wp\/v2\/pages"}],"about":[{"href":"https:\/\/fips.unsa.edu.pe\/cienciadelacomputacion\/wp-json\/wp\/v2\/types\/page"}],"author":[{"embeddable":true,"href":"https:\/\/fips.unsa.edu.pe\/cienciadelacomputacion\/wp-json\/wp\/v2\/users\/1"}],"replies":[{"embeddable":true,"href":"https:\/\/fips.unsa.edu.pe\/cienciadelacomputacion\/wp-json\/wp\/v2\/comments?post=1149"}],"version-history":[{"count":9,"href":"https:\/\/fips.unsa.edu.pe\/cienciadelacomputacion\/wp-json\/wp\/v2\/pages\/1149\/revisions"}],"predecessor-version":[{"id":1444,"href":"https:\/\/fips.unsa.edu.pe\/cienciadelacomputacion\/wp-json\/wp\/v2\/pages\/1149\/revisions\/1444"}],"wp:attachment":[{"href":"https:\/\/fips.unsa.edu.pe\/cienciadelacomputacion\/wp-json\/wp\/v2\/media?parent=1149"}],"curies":[{"name":"wp","href":"https:\/\/api.w.org\/{rel}","templated":true}]}}